
-- Insert statements for tmp_upskill_course
INSERT INTO tmp_upskill_course ("id", "name", "description", "level_id", "image", "contributors", "is_published", "created_by", "updated_by", "access_right", "completed_at", "created_at", "updated_at", "type", "is_archived", "published_on", "certificate_template_id", "is_enrollment_paused", "status", "is_template", "template_id", "is_completed", "slug", "is_external_shareable", "external_registration_close_date", "is_internal_shareable", "internal_registration_close_date", "credit_score") VALUES ('440', 'ISO/IEC 27001:2022 - An Overview', '<h2><span style="font-size: 12pt;"><strong>What is ISO/IEC 27001?</strong></span></h2>
<p>ISO/IEC 27001 is&nbsp;the world''s best-known standard for&nbsp;<strong>information security management systems (ISMS)</strong>. It defines the requirements an ISMS must meet.</p>
<p>Conformity with ISO/IEC 27001 means that we put in place a system to manage risks related to the security of data owned or handled by us, and that this system respects all the best practices and principles enshrined in this International Standard.</p>
<p>&nbsp;</p>
<p><strong>Why is ISO/IEC 27001 important?</strong></p>
<p>With cyber-crime on the rise and&nbsp;new threats&nbsp;constantly emerging, it can seem difficult or even impossible to manage cyber-risks. ISO/IEC 27001 helps us become risk-aware and proactively identify and address weaknesses.</p>
<p>An information security management system implemented according to this standard is a tool for&nbsp;<strong>risk management, cyber-resilience&nbsp;</strong>and<strong>&nbsp;operational excellence.</strong></p>
<p>&nbsp;</p>
<h2><span style="font-size: 12pt;">Benefits</span></h2>
<ul>
<li><strong>Resilience</strong>&nbsp;to cyber-attacks</li>
<li><strong>Preparedness</strong>&nbsp;for new threats</li>
<li>Data&nbsp;<strong>integrity</strong>,&nbsp;<strong>confidentiality&nbsp;</strong>and&nbsp;<strong>availability</strong></li>
<li>Security across<strong>&nbsp;all supports</strong></li>
<li><strong>Organization-wide </strong>protection</li>
<li><strong>Cost savings&nbsp;</strong></li>
</ul>
<p>&nbsp;</p>
<p>&nbsp;</p>', '1', '6kYvlosNZ5nhc3251NUcpFyIj3PBcReaA5YRgy3Z.png', 'Learning & Development', 't', 1, 1, 'restricted', NULL, '2024-06-26 13:02:51', '2024-07-17 16:04:58', 'self_paced', 'f', '2024-07-05 15:50:57', NULL, 'f', 'active', 'f', NULL, 'f', NULL, 'f', NULL, 'f', NULL, '20.00');
INSERT INTO tmp_upskill_course ("id", "name", "description", "level_id", "image", "contributors", "is_published", "created_by", "updated_by", "access_right", "completed_at", "created_at", "updated_at", "type", "is_archived", "published_on", "certificate_template_id", "is_enrollment_paused", "status", "is_template", "template_id", "is_completed", "slug", "is_external_shareable", "external_registration_close_date", "is_internal_shareable", "internal_registration_close_date", "credit_score") VALUES ('461', 'Prevention of Sexual Harassments - A guideline to the POSH Act', '<p><span style="text-decoration: underline;"><strong>What is POSH Act?</strong></span></p>
<p>The POSH Act- Sexual Harassment of Women at Workplace (Prevention, Prohibition, and Redressal) 2013 was <strong>enacted to protect women from sexual harassment and provide a safe and secure work environment</strong>. It was enacted to implement guidelines laid out by the Supreme Court of India in the 1997 <strong>Vishaka vs. State of Rajasthan</strong> case, which established the need for protection against sexual harassment in workplaces.</p>
<p>&nbsp;</p>
<p><span style="text-decoration: underline;"><strong>When was the bill passed?</strong></span></p>
<p>The Act came into force on December 9, 2013 after being passed by both houses of Parliament and receiving presidential assent.</p>
<p>&nbsp;</p>
<p><span style="text-decoration: underline;"><strong>Why is POSH Act importance in an organization?</strong></span></p>
<ul>
<li data-pm-slice="0 0 []">Ensures a Safe Workplace Environment</li>
<li>Legal Obligation</li>
<li>Promotes Gender Equality</li>
<li>Improves Employee Morale and Trust</li>
<li>Reduces Turnover and Absenteeism</li>
<li>Prevents Workplace Conflicts</li>
<li>Protects Organizational Reputation</li>
<li>Fosters Accountability and Transparency</li>
<li>Boosts Employee Productivity</li>
<li>Legal Protection for Employees</li>
</ul>
<p>&nbsp;</p>
<p>&nbsp;</p>
<p>&nbsp;</p>
<p>&nbsp;</p>', '1', 'oGVSBaWj9Q8dpeVQnWk8iupfrqwDWf7hnr65eWxx.png', 'Learning & Development', 't', 1, 1, 'restricted', NULL, '2024-09-29 12:49:26', '2024-11-18 23:49:28', 'self_paced', 'f', '2024-10-03 11:36:51', NULL, 'f', 'active', 'f', NULL, 'f', NULL, 'f', NULL, 'f', NULL, '0.00');


-- Insert statements for tmp_upskill_course_administrator
INSERT INTO tmp_upskill_course_administrator ("course_id", "user_id") VALUES ( '440', '1'), ( '461', '1');
-- Insert statements for tmp_upskill_course_category
INSERT INTO tmp_upskill_course_category ("id", "course_id", "category_id") VALUES ('463', '440', '13');
INSERT INTO tmp_upskill_course_category ("id", "course_id", "category_id") VALUES ('486', '461', '9');


-- Insert statements for tmp_upskill_course_subcategory
INSERT INTO tmp_upskill_course_subcategory ("id", "course_id", "subcategory_id") VALUES ('487', '440', '58');
INSERT INTO tmp_upskill_course_subcategory ("id", "course_id", "subcategory_id") VALUES ('511', '461', '57');


-- Insert statements for tmp_upskill_category
INSERT INTO tmp_upskill_category ("id", "name", "order", "created_by", "updated_by", "status", "created_at", "updated_at") VALUES ('9', 'General', '9', 1, 1, 'active', '2020-10-01 20:02:36', '2021-04-23 11:58:27');
INSERT INTO tmp_upskill_category ("id", "name", "order", "created_by", "updated_by", "status", "created_at", "updated_at") VALUES ('13', 'Information Security', '3', 1, 1, 'active', '2021-05-24 19:26:49', '2021-05-24 19:27:28');


-- Insert statements for tmp_upskill_subcategory
INSERT INTO tmp_upskill_subcategory ("id", "category_id", "name", "created_by", "updated_by", "status", "created_at", "updated_at") VALUES ('57', '9', 'Sexual Harassment', 1, 1, 'active', '2021-04-23 11:58:27', '2021-04-23 11:58:27');
INSERT INTO tmp_upskill_subcategory ("id", "category_id", "name", "created_by", "updated_by", "status", "created_at", "updated_at") VALUES ('58', '13', 'Information Security Management System', 1, 1, 'active', '2021-05-24 19:26:49', '2021-05-24 19:27:28');


-- Insert statements for tmp_upskill_course_detail


-- Insert statements for tmp_upskill_course_instructor


-- Insert statements for tmp_upskill_course_prerequisite


-- Insert statements for tmp_upskill_course_question
INSERT INTO tmp_upskill_course_question ("id", "course_id", "question_id") VALUES ('1246', '440', '1246');
INSERT INTO tmp_upskill_course_question ("id", "course_id", "question_id") VALUES ('1247', '440', '1247');
INSERT INTO tmp_upskill_course_question ("id", "course_id", "question_id") VALUES ('1248', '440', '1248');
INSERT INTO tmp_upskill_course_question ("id", "course_id", "question_id") VALUES ('1249', '440', '1249');
INSERT INTO tmp_upskill_course_question ("id", "course_id", "question_id") VALUES ('1250', '440', '1250');
INSERT INTO tmp_upskill_course_question ("id", "course_id", "question_id") VALUES ('1251', '440', '1251');
INSERT INTO tmp_upskill_course_question ("id", "course_id", "question_id") VALUES ('1252', '440', '1252');
INSERT INTO tmp_upskill_course_question ("id", "course_id", "question_id") VALUES ('1253', '440', '1253');
INSERT INTO tmp_upskill_course_question ("id", "course_id", "question_id") VALUES ('1254', '440', '1254');
INSERT INTO tmp_upskill_course_question ("id", "course_id", "question_id") VALUES ('1255', '440', '1255');
INSERT INTO tmp_upskill_course_question ("id", "course_id", "question_id") VALUES ('1256', '440', '1256');
INSERT INTO tmp_upskill_course_question ("id", "course_id", "question_id") VALUES ('1257', '440', '1257');
INSERT INTO tmp_upskill_course_question ("id", "course_id", "question_id") VALUES ('1258', '440', '1258');
INSERT INTO tmp_upskill_course_question ("id", "course_id", "question_id") VALUES ('1259', '440', '1259');
INSERT INTO tmp_upskill_course_question ("id", "course_id", "question_id") VALUES ('1260', '440', '1260');
INSERT INTO tmp_upskill_course_question ("id", "course_id", "question_id") VALUES ('1261', '440', '1261');
INSERT INTO tmp_upskill_course_question ("id", "course_id", "question_id") VALUES ('1262', '440', '1262');
INSERT INTO tmp_upskill_course_question ("id", "course_id", "question_id") VALUES ('1263', '440', '1263');
INSERT INTO tmp_upskill_course_question ("id", "course_id", "question_id") VALUES ('1264', '440', '1264');
INSERT INTO tmp_upskill_course_question ("id", "course_id", "question_id") VALUES ('1265', '440', '1265');
INSERT INTO tmp_upskill_course_question ("id", "course_id", "question_id") VALUES ('1266', '440', '1266');
INSERT INTO tmp_upskill_course_question ("id", "course_id", "question_id") VALUES ('1267', '440', '1267');
INSERT INTO tmp_upskill_course_question ("id", "course_id", "question_id") VALUES ('1268', '440', '1268');
INSERT INTO tmp_upskill_course_question ("id", "course_id", "question_id") VALUES ('1269', '440', '1269');
INSERT INTO tmp_upskill_course_question ("id", "course_id", "question_id") VALUES ('1270', '440', '1270');
INSERT INTO tmp_upskill_course_question ("id", "course_id", "question_id") VALUES ('1271', '440', '1271');
INSERT INTO tmp_upskill_course_question ("id", "course_id", "question_id") VALUES ('1272', '440', '1272');
INSERT INTO tmp_upskill_course_question ("id", "course_id", "question_id") VALUES ('1273', '440', '1273');
INSERT INTO tmp_upskill_course_question ("id", "course_id", "question_id") VALUES ('1274', '440', '1274');
INSERT INTO tmp_upskill_course_question ("id", "course_id", "question_id") VALUES ('1275', '440', '1275');
INSERT INTO tmp_upskill_course_question ("id", "course_id", "question_id") VALUES ('1276', '440', '1276');
INSERT INTO tmp_upskill_course_question ("id", "course_id", "question_id") VALUES ('1277', '440', '1277');
INSERT INTO tmp_upskill_course_question ("id", "course_id", "question_id") VALUES ('1278', '440', '1278');
INSERT INTO tmp_upskill_course_question ("id", "course_id", "question_id") VALUES ('1279', '440', '1279');
INSERT INTO tmp_upskill_course_question ("id", "course_id", "question_id") VALUES ('1280', '440', '1280');
INSERT INTO tmp_upskill_course_question ("id", "course_id", "question_id") VALUES ('1281', '440', '1281');
INSERT INTO tmp_upskill_course_question ("id", "course_id", "question_id") VALUES ('1282', '440', '1282');
INSERT INTO tmp_upskill_course_question ("id", "course_id", "question_id") VALUES ('1283', '440', '1283');
INSERT INTO tmp_upskill_course_question ("id", "course_id", "question_id") VALUES ('1284', '440', '1284');
INSERT INTO tmp_upskill_course_question ("id", "course_id", "question_id") VALUES ('1285', '440', '1285');
INSERT INTO tmp_upskill_course_question ("id", "course_id", "question_id") VALUES ('1286', '440', '1286');
INSERT INTO tmp_upskill_course_question ("id", "course_id", "question_id") VALUES ('1287', '440', '1287');
INSERT INTO tmp_upskill_course_question ("id", "course_id", "question_id") VALUES ('1288', '440', '1288');
INSERT INTO tmp_upskill_course_question ("id", "course_id", "question_id") VALUES ('1289', '440', '1289');
INSERT INTO tmp_upskill_course_question ("id", "course_id", "question_id") VALUES ('1290', '440', '1290');


-- Insert statements for tmp_upskill_course_structure_primary
INSERT INTO tmp_upskill_course_structure_primary ("id", "course_id", "type_id", "type", "order") VALUES ('1584', '440', '1788', 'section', '1');
INSERT INTO tmp_upskill_course_structure_primary ("id", "course_id", "type_id", "type", "order") VALUES ('1585', '440', '1789', 'section', '2');
INSERT INTO tmp_upskill_course_structure_primary ("id", "course_id", "type_id", "type", "order") VALUES ('1586', '440', '1790', 'section', '3');
INSERT INTO tmp_upskill_course_structure_primary ("id", "course_id", "type_id", "type", "order") VALUES ('1587', '440', '1791', 'section', '4');
INSERT INTO tmp_upskill_course_structure_primary ("id", "course_id", "type_id", "type", "order") VALUES ('1588', '440', '1792', 'section', '5');
INSERT INTO tmp_upskill_course_structure_primary ("id", "course_id", "type_id", "type", "order") VALUES ('1589', '440', '1793', 'section', '6');
INSERT INTO tmp_upskill_course_structure_primary ("id", "course_id", "type_id", "type", "order") VALUES ('1590', '440', '1794', 'section', '7');
INSERT INTO tmp_upskill_course_structure_primary ("id", "course_id", "type_id", "type", "order") VALUES ('1592', '440', '1796', 'section', '8');
INSERT INTO tmp_upskill_course_structure_primary ("id", "course_id", "type_id", "type", "order") VALUES ('1594', '440', '1798', 'section', '9');
INSERT INTO tmp_upskill_course_structure_primary ("id", "course_id", "type_id", "type", "order") VALUES ('1596', '440', '1800', 'section', '10');
INSERT INTO tmp_upskill_course_structure_primary ("id", "course_id", "type_id", "type", "order") VALUES ('1598', '440', '1802', 'section', '11');
INSERT INTO tmp_upskill_course_structure_primary ("id", "course_id", "type_id", "type", "order") VALUES ('1718', '461', '1952', 'section', '1');
INSERT INTO tmp_upskill_course_structure_primary ("id", "course_id", "type_id", "type", "order") VALUES ('1719', '461', '1953', 'section', '2');
INSERT INTO tmp_upskill_course_structure_primary ("id", "course_id", "type_id", "type", "order") VALUES ('1720', '461', '1954', 'section', '3');
INSERT INTO tmp_upskill_course_structure_primary ("id", "course_id", "type_id", "type", "order") VALUES ('1721', '461', '1955', 'section', '4');


-- Insert statements for tmp_upskill_course_structure_secondary
INSERT INTO tmp_upskill_course_structure_secondary ("id", "structure_primary_id", "type_id", "order", "type") VALUES ('4738', '1584', '4292', '1', 'content');
INSERT INTO tmp_upskill_course_structure_secondary ("id", "structure_primary_id", "type_id", "order", "type") VALUES ('4739', '1585', '4293', '1', 'content');
INSERT INTO tmp_upskill_course_structure_secondary ("id", "structure_primary_id", "type_id", "order", "type") VALUES ('4740', '1586', '4294', '1', 'content');
INSERT INTO tmp_upskill_course_structure_secondary ("id", "structure_primary_id", "type_id", "order", "type") VALUES ('4741', '1587', '4295', '1', 'content');
INSERT INTO tmp_upskill_course_structure_secondary ("id", "structure_primary_id", "type_id", "order", "type") VALUES ('4742', '1588', '4296', '1', 'content');
INSERT INTO tmp_upskill_course_structure_secondary ("id", "structure_primary_id", "type_id", "order", "type") VALUES ('4743', '1589', '4297', '1', 'content');
INSERT INTO tmp_upskill_course_structure_secondary ("id", "structure_primary_id", "type_id", "order", "type") VALUES ('4744', '1590', '4298', '1', 'content');
INSERT INTO tmp_upskill_course_structure_secondary ("id", "structure_primary_id", "type_id", "order", "type") VALUES ('4745', '1592', '4299', '1', 'content');
INSERT INTO tmp_upskill_course_structure_secondary ("id", "structure_primary_id", "type_id", "order", "type") VALUES ('4746', '1594', '4300', '1', 'content');
INSERT INTO tmp_upskill_course_structure_secondary ("id", "structure_primary_id", "type_id", "order", "type") VALUES ('4747', '1596', '4301', '1', 'content');
INSERT INTO tmp_upskill_course_structure_secondary ("id", "structure_primary_id", "type_id", "order", "type") VALUES ('4748', '1598', '4302', '1', 'content');
INSERT INTO tmp_upskill_course_structure_secondary ("id", "structure_primary_id", "type_id", "order", "type") VALUES ('4749', '1584', '177', '2', 'test');
INSERT INTO tmp_upskill_course_structure_secondary ("id", "structure_primary_id", "type_id", "order", "type") VALUES ('4752', '1585', '178', '2', 'test');
INSERT INTO tmp_upskill_course_structure_secondary ("id", "structure_primary_id", "type_id", "order", "type") VALUES ('4754', '1587', '180', '2', 'test');
INSERT INTO tmp_upskill_course_structure_secondary ("id", "structure_primary_id", "type_id", "order", "type") VALUES ('4755', '1588', '181', '2', 'test');
INSERT INTO tmp_upskill_course_structure_secondary ("id", "structure_primary_id", "type_id", "order", "type") VALUES ('4756', '1589', '182', '2', 'test');
INSERT INTO tmp_upskill_course_structure_secondary ("id", "structure_primary_id", "type_id", "order", "type") VALUES ('4757', '1590', '183', '2', 'test');
INSERT INTO tmp_upskill_course_structure_secondary ("id", "structure_primary_id", "type_id", "order", "type") VALUES ('4758', '1592', '184', '2', 'test');
INSERT INTO tmp_upskill_course_structure_secondary ("id", "structure_primary_id", "type_id", "order", "type") VALUES ('4759', '1594', '185', '2', 'test');
INSERT INTO tmp_upskill_course_structure_secondary ("id", "structure_primary_id", "type_id", "order", "type") VALUES ('4760', '1598', '186', '2', 'test');
INSERT INTO tmp_upskill_course_structure_secondary ("id", "structure_primary_id", "type_id", "order", "type") VALUES ('5159', '1718', '4639', '1', 'content');
INSERT INTO tmp_upskill_course_structure_secondary ("id", "structure_primary_id", "type_id", "order", "type") VALUES ('5160', '1719', '4640', '1', 'content');
INSERT INTO tmp_upskill_course_structure_secondary ("id", "structure_primary_id", "type_id", "order", "type") VALUES ('5161', '1720', '4641', '1', 'content');
INSERT INTO tmp_upskill_course_structure_secondary ("id", "structure_primary_id", "type_id", "order", "type") VALUES ('5162', '1721', '4642', '1', 'content');


-- Insert statements for tmp_upskill_section
INSERT INTO tmp_upskill_section ("id", "name", "created_by", "updated_by", "status", "created_at", "updated_at", "type", "date", "start_time", "end_time", "location_id", "description", "url", "url_details", "webinar_provider", "webinar_data") VALUES ('1788', 'Module 1: Introduction to ISO/IEC 27001', 1, 1, 'active', '2024-06-26 13:13:59', '2024-06-27 16:35:11', NULL, NULL, NULL, NULL, NULL, NULL, NULL, NULL, NULL, NULL);
INSERT INTO tmp_upskill_section ("id", "name", "created_by", "updated_by", "status", "created_at", "updated_at", "type", "date", "start_time", "end_time", "location_id", "description", "url", "url_details", "webinar_provider", "webinar_data") VALUES ('1789', 'Module 2: Scope and Context', 1, 1, 'active', '2024-06-26 13:36:45', '2024-06-27 16:35:29', NULL, NULL, NULL, NULL, NULL, NULL, NULL, NULL, NULL, NULL);
INSERT INTO tmp_upskill_section ("id", "name", "created_by", "updated_by", "status", "created_at", "updated_at", "type", "date", "start_time", "end_time", "location_id", "description", "url", "url_details", "webinar_provider", "webinar_data") VALUES ('1790', 'Module 3: Leadership & Governance', 1, 1, 'active', '2024-06-26 15:02:53', '2024-06-27 16:35:46', NULL, NULL, NULL, NULL, NULL, NULL, NULL, NULL, NULL, NULL);
INSERT INTO tmp_upskill_section ("id", "name", "created_by", "updated_by", "status", "created_at", "updated_at", "type", "date", "start_time", "end_time", "location_id", "description", "url", "url_details", "webinar_provider", "webinar_data") VALUES ('1791', 'Module 4: Risk Assessment and Treatment', 1, 1, 'active', '2024-06-26 15:17:22', '2024-06-27 16:36:32', NULL, NULL, NULL, NULL, NULL, NULL, NULL, NULL, NULL, NULL);
INSERT INTO tmp_upskill_section ("id", "name", "created_by", "updated_by", "status", "created_at", "updated_at", "type", "date", "start_time", "end_time", "location_id", "description", "url", "url_details", "webinar_provider", "webinar_data") VALUES ('1792', 'Module 5: Information Security Controls', 1, 1, 'active', '2024-06-26 16:16:13', '2024-06-27 16:36:45', NULL, NULL, NULL, NULL, NULL, NULL, NULL, NULL, NULL, NULL);
INSERT INTO tmp_upskill_section ("id", "name", "created_by", "updated_by", "status", "created_at", "updated_at", "type", "date", "start_time", "end_time", "location_id", "description", "url", "url_details", "webinar_provider", "webinar_data") VALUES ('1793', 'Module 6: Documentation, Records, and Support', 1, 1, 'active', '2024-06-26 17:38:01', '2024-06-27 16:37:10', NULL, NULL, NULL, NULL, NULL, NULL, NULL, NULL, NULL, NULL);
INSERT INTO tmp_upskill_section ("id", "name", "created_by", "updated_by", "status", "created_at", "updated_at", "type", "date", "start_time", "end_time", "location_id", "description", "url", "url_details", "webinar_provider", "webinar_data") VALUES ('1794', 'Module 7: Implementation and Operation', 1, 1, 'active', '2024-06-27 09:45:52', '2024-06-27 16:37:28', NULL, NULL, NULL, NULL, NULL, NULL, NULL, NULL, NULL, NULL);
INSERT INTO tmp_upskill_section ("id", "name", "created_by", "updated_by", "status", "created_at", "updated_at", "type", "date", "start_time", "end_time", "location_id", "description", "url", "url_details", "webinar_provider", "webinar_data") VALUES ('1796', 'Module 8: Performance Evaluation', 1, 1, 'active', '2024-06-27 09:56:23', '2024-06-27 16:37:45', NULL, NULL, NULL, NULL, NULL, NULL, NULL, NULL, NULL, NULL);
INSERT INTO tmp_upskill_section ("id", "name", "created_by", "updated_by", "status", "created_at", "updated_at", "type", "date", "start_time", "end_time", "location_id", "description", "url", "url_details", "webinar_provider", "webinar_data") VALUES ('1798', 'Module 9: Improvement and Compliance', 1, 1, 'active', '2024-06-27 10:08:37', '2024-06-27 16:38:04', NULL, NULL, NULL, NULL, NULL, NULL, NULL, NULL, NULL, NULL);
INSERT INTO tmp_upskill_section ("id", "name", "created_by", "updated_by", "status", "created_at", "updated_at", "type", "date", "start_time", "end_time", "location_id", "description", "url", "url_details", "webinar_provider", "webinar_data") VALUES ('1800', 'Module 10: Certification and Compliance', 1, 1, 'active', '2024-06-27 10:14:15', '2024-06-27 16:38:20', NULL, NULL, NULL, NULL, NULL, NULL, NULL, NULL, NULL, NULL);
INSERT INTO tmp_upskill_section ("id", "name", "created_by", "updated_by", "status", "created_at", "updated_at", "type", "date", "start_time", "end_time", "location_id", "description", "url", "url_details", "webinar_provider", "webinar_data") VALUES ('1802', 'Module 11: Case Studies and Best Practices', 1, 1, 'active', '2024-06-27 10:24:43', '2024-06-27 16:38:37', NULL, NULL, NULL, NULL, NULL, NULL, NULL, NULL, NULL, NULL);
INSERT INTO tmp_upskill_section ("id", "name", "created_by", "updated_by", "status", "created_at", "updated_at", "type", "date", "start_time", "end_time", "location_id", "description", "url", "url_details", "webinar_provider", "webinar_data") VALUES ('1952', 'Introduction to POSH Act', 1, 1, 'active', '2024-09-29 13:05:55', '2024-09-29 13:05:55', NULL, NULL, NULL, NULL, NULL, NULL, NULL, NULL, NULL, NULL);
INSERT INTO tmp_upskill_section ("id", "name", "created_by", "updated_by", "status", "created_at", "updated_at", "type", "date", "start_time", "end_time", "location_id", "description", "url", "url_details", "webinar_provider", "webinar_data") VALUES ('1953', 'Types of Sexual Harassments', 1, 1, 'active', '2024-09-29 13:37:02', '2024-09-29 13:37:02', NULL, NULL, NULL, NULL, NULL, NULL, NULL, NULL, NULL, NULL);
INSERT INTO tmp_upskill_section ("id", "name", "created_by", "updated_by", "status", "created_at", "updated_at", "type", "date", "start_time", "end_time", "location_id", "description", "url", "url_details", "webinar_provider", "webinar_data") VALUES ('1954', 'Complaint Procedure under POSH', 1, 1, 'active', '2024-09-29 13:59:49', '2024-09-29 14:03:05', NULL, NULL, NULL, NULL, NULL, NULL, NULL, NULL, NULL, NULL);
INSERT INTO tmp_upskill_section ("id", "name", "created_by", "updated_by", "status", "created_at", "updated_at", "type", "date", "start_time", "end_time", "location_id", "description", "url", "url_details", "webinar_provider", "webinar_data") VALUES ('1955', 'Annual Report of POSH', 1, 1, 'active', '2024-09-29 14:22:35', '2024-09-29 14:23:03', NULL, NULL, NULL, NULL, NULL, NULL, NULL, NULL, NULL, NULL);


-- Insert statements for tmp_upskill_content
INSERT INTO tmp_upskill_content ("id", "name", "created_by", "updated_by", "status", "created_at", "updated_at") VALUES ('4292', 'Introduction to ISO/IEC 27001', 1, 1, 'active', '2024-06-26 13:14:17', '2024-06-26 13:14:17');
INSERT INTO tmp_upskill_content ("id", "name", "created_by", "updated_by", "status", "created_at", "updated_at") VALUES ('4293', 'Scope and Context', 1, 1, 'active', '2024-06-26 14:43:33', '2024-06-26 14:43:33');
INSERT INTO tmp_upskill_content ("id", "name", "created_by", "updated_by", "status", "created_at", "updated_at") VALUES ('4294', 'Leadership & Governance', 1, 1, 'active', '2024-06-26 15:05:54', '2024-06-26 15:05:54');
INSERT INTO tmp_upskill_content ("id", "name", "created_by", "updated_by", "status", "created_at", "updated_at") VALUES ('4295', 'Risk Assessment and Treatment', 1, 1, 'active', '2024-06-26 15:18:21', '2024-06-26 15:18:21');
INSERT INTO tmp_upskill_content ("id", "name", "created_by", "updated_by", "status", "created_at", "updated_at") VALUES ('4296', 'Information Security Controls', 1, 1, 'active', '2024-06-26 16:16:47', '2024-06-26 16:16:47');
INSERT INTO tmp_upskill_content ("id", "name", "created_by", "updated_by", "status", "created_at", "updated_at") VALUES ('4297', 'Documentation, Records, and Support', 1, 1, 'active', '2024-06-27 09:29:47', '2024-06-27 09:29:47');
INSERT INTO tmp_upskill_content ("id", "name", "created_by", "updated_by", "status", "created_at", "updated_at") VALUES ('4298', 'Implementation and Operation', 1, 1, 'active', '2024-06-27 09:46:00', '2024-06-27 09:46:00');
INSERT INTO tmp_upskill_content ("id", "name", "created_by", "updated_by", "status", "created_at", "updated_at") VALUES ('4299', 'Performance Evaluation', 1, 1, 'active', '2024-06-27 09:56:29', '2024-06-27 09:56:29');
INSERT INTO tmp_upskill_content ("id", "name", "created_by", "updated_by", "status", "created_at", "updated_at") VALUES ('4300', 'Improvement and Compliance', 1, 1, 'active', '2024-06-27 10:08:43', '2024-06-27 10:08:43');
INSERT INTO tmp_upskill_content ("id", "name", "created_by", "updated_by", "status", "created_at", "updated_at") VALUES ('4301', 'Certification and Compliance', 1, 1, 'active', '2024-06-27 10:14:21', '2024-06-27 10:14:21');
INSERT INTO tmp_upskill_content ("id", "name", "created_by", "updated_by", "status", "created_at", "updated_at") VALUES ('4302', 'Case Studies and Best Practices', 1, 1, 'active', '2024-06-27 10:24:48', '2024-06-27 10:24:48');
INSERT INTO tmp_upskill_content ("id", "name", "created_by", "updated_by", "status", "created_at", "updated_at") VALUES ('4639', 'Introduction to POSH Act', 1, 1, 'active', '2024-09-29 13:06:05', '2024-09-29 13:06:05');
INSERT INTO tmp_upskill_content ("id", "name", "created_by", "updated_by", "status", "created_at", "updated_at") VALUES ('4640', 'Types of Sexual Harassments', 1, 1, 'active', '2024-09-29 13:37:11', '2024-09-29 13:37:11');
INSERT INTO tmp_upskill_content ("id", "name", "created_by", "updated_by", "status", "created_at", "updated_at") VALUES ('4641', 'Complaint Procedure', 1, 1, 'active', '2024-09-29 14:03:12', '2024-09-29 14:03:12');
INSERT INTO tmp_upskill_content ("id", "name", "created_by", "updated_by", "status", "created_at", "updated_at") VALUES ('4642', 'Annual Report', 1, 1, 'active', '2024-09-29 14:23:13', '2024-09-29 14:23:13');


-- Insert statements for tmp_upskill_material
INSERT INTO tmp_upskill_material ("id", "name", "description", "type", "details", "created_by", "updated_by", "status", "created_at", "updated_at", "path") VALUES ('8801', 'Introduction to ISO/IEC 27001', NULL, 'video', '{"source":"upload","size":68081151,"duration":{"hours":0,"minutes":5,"seconds":31},"file_name":"Module 1 Introduction to ISO_IEC 27001.mp4"}', 1, 1, 'active', '2024-06-26 13:15:53', '2024-06-26 13:15:53', '667bc72drF3OhDT0XGJGthvrpPrkCTJnK3WRUR7k/master.m3u8');
INSERT INTO tmp_upskill_material ("id", "name", "description", "type", "details", "created_by", "updated_by", "status", "created_at", "updated_at", "path") VALUES ('8804', NULL, '<p>The course will help you understand the following:</p>
<ul>
<li>Overview of ISO/IEC 27001:2022 Standard</li>
<li>Requirements&nbsp;</li>
<li>Risk Management Approach</li>
<li>Evolution</li>
<li>Why Information Security Matters&nbsp;</li>
<li>Introduce Key Terms &amp; Definitions</li>
</ul>
<p>&nbsp;</p>
<p>This video will give you a basic understanding of the ISO/IEC 27001:2022 Standard</p>
<p>&nbsp;</p>
<p>&nbsp;</p>', 'text', '[]', 1, 1, 'active', '2024-06-26 13:31:49', '2024-06-26 13:31:49', NULL);
INSERT INTO tmp_upskill_material ("id", "name", "description", "type", "details", "created_by", "updated_by", "status", "created_at", "updated_at", "path") VALUES ('8805', NULL, '<p>The following topics will be covered in this module:&nbsp;</p>
<ul>
<li>Defining the Scope of the ISMS</li>
<li>Identify Stakeholders &amp; their Requirements&nbsp;</li>
<li>Establish the Context for ISMS Implementation</li>
</ul>
<p>&nbsp;</p>
<p>Here we shall have a detailed understanding of the ISMS Policy and the importance of CIA Triad.&nbsp;</p>', 'text', '[]', 1, 1, 'active', '2024-06-26 15:00:10', '2024-07-04 11:06:37', NULL);
INSERT INTO tmp_upskill_material ("id", "name", "description", "type", "details", "created_by", "updated_by", "status", "created_at", "updated_at", "path") VALUES ('8806', 'Scope and Context', NULL, 'video', '{"source":"upload","size":54195972,"duration":{"hours":0,"minutes":4,"seconds":1},"file_name":"Module 2_ Scope and Context.mp4"}', 1, 1, 'active', '2024-06-26 15:02:00', '2024-06-26 15:02:00', '667be00edJW0NkWLZ98bwHJyfKyQP76HYJiGY8Vu/master.m3u8');
INSERT INTO tmp_upskill_material ("id", "name", "description", "type", "details", "created_by", "updated_by", "status", "created_at", "updated_at", "path") VALUES ('8807', NULL, '<p>In this section, we will explore Leadership and Governance, focusing on the roles and responsibilities of top management, the development of an information security policy, and the creation of an effective governance structure.</p>
<p>&nbsp;</p>
<p>This video will help us to understand the integral role of leadership in information security.</p>', 'text', '[]', 1, 1, 'active', '2024-06-26 15:13:37', '2024-07-04 11:01:10', NULL);
INSERT INTO tmp_upskill_material ("id", "name", "description", "type", "details", "created_by", "updated_by", "status", "created_at", "updated_at", "path") VALUES ('8808', 'Leadership & Governance', NULL, 'video', '{"source":"upload","size":27389909,"duration":{"hours":0,"minutes":1,"seconds":54},"file_name":"Module 3_ Leadership and Governance.mp4"}', 1, 1, 'active', '2024-06-26 15:13:59', '2024-06-26 15:13:59', '667be2derQXdidb6iyzjmHxqswSWM43pzUNZxBhk/master.m3u8');
INSERT INTO tmp_upskill_material ("id", "name", "description", "type", "details", "created_by", "updated_by", "status", "created_at", "updated_at", "path") VALUES ('8809', 'Risk Management and Treatment', NULL, 'video', '{"source":"upload","size":30936161,"duration":{"hours":0,"minutes":2,"seconds":43},"file_name":"Module 4_ Risk Assessment and Treatment.mp4"}', 1, 1, 'active', '2024-06-26 15:26:02', '2024-06-26 15:26:02', '667be5b0pQE9GtwNXslyygc7OrYh75hND6U0ASXd/master.m3u8');
INSERT INTO tmp_upskill_material ("id", "name", "description", "type", "details", "created_by", "updated_by", "status", "created_at", "updated_at", "path") VALUES ('8810', NULL, '<p>This module will be discussing the following topics:</p>
<ul>
<li>Understand Annex A of ISO/IEC 27001:2022</li>
<li>How to Implement Security Controls&nbsp;</li>
</ul>
<p>Hence, we understand how to take significant steps in achieving compliance with the standard.</p>', 'text', '[]', 1, 1, 'active', '2024-06-26 17:30:00', '2024-06-26 17:30:00', NULL);
INSERT INTO tmp_upskill_material ("id", "name", "description", "type", "details", "created_by", "updated_by", "status", "created_at", "updated_at", "path") VALUES ('8812', NULL, '<p>This module focuses on a crucial part in implementing effective security management system/ISMS.&nbsp;</p>
<p>Here, we shall look into developing and maintaining policies, procedures, and processes, alongside managing records for documentation and controlling document versions.&nbsp;</p>', 'text', '[]', 1, 1, 'active', '2024-06-27 09:43:47', '2024-06-27 09:43:47', NULL);
INSERT INTO tmp_upskill_material ("id", "name", "description", "type", "details", "created_by", "updated_by", "status", "created_at", "updated_at", "path") VALUES ('8813', 'Documentation, Records, and Support', NULL, 'video', '{"source":"upload","size":35650199,"duration":{"hours":0,"minutes":2,"seconds":13},"file_name":"Module 6_ Documentation, Records, and Support.mp4"}', 1, 1, 'active', '2024-06-27 09:44:45', '2024-06-27 09:44:45', '667ce734oS0CkZOMJceV3fIUW1f1sntWFtSc3OHo/master.m3u8');
INSERT INTO tmp_upskill_material ("id", "name", "description", "type", "details", "created_by", "updated_by", "status", "created_at", "updated_at", "path") VALUES ('8814', NULL, '<p>The organization focuses on implementing robust security measures to safeguard its system and data. It ensures employees receive thorough training on essential security practices to promote awareness and compliance. Additionally, the company diligently monitors and assesses the performance of Information Security Management System (ISMS) to maintain effectiveness and address any potential vulnerabilities promptly.&nbsp;</p>', 'text', '[]', 1, 1, 'active', '2024-06-27 09:53:00', '2024-07-04 11:02:26', NULL);
INSERT INTO tmp_upskill_material ("id", "name", "description", "type", "details", "created_by", "updated_by", "status", "created_at", "updated_at", "path") VALUES ('8815', 'Implementation and Operation', NULL, 'video', '{"source":"upload","size":23045454,"duration":{"hours":0,"minutes":1,"seconds":44},"file_name":"Module 7_ Implementation and Operation.mp4"}', 1, 1, 'active', '2024-06-27 09:54:54', '2024-06-27 09:54:54', '667ce9951NEqF2ebMGPVQr9uuoODolAfx2GHtCio/master.m3u8');
INSERT INTO tmp_upskill_material ("id", "name", "description", "type", "details", "created_by", "updated_by", "status", "created_at", "updated_at", "path") VALUES ('8816', NULL, '<p>In this module, we will be focusing on:</p>
<ul>
<li>How to conduct internal audits</li>
<li>How to manage review meetings and continual improvement.&nbsp;</li>
</ul>
<p>Here, we shall understand on how to evaluate the performance of the ISMS.&nbsp;</p>', 'text', '[]', 1, 1, 'active', '2024-06-27 10:06:40', '2024-06-27 16:31:58', NULL);
INSERT INTO tmp_upskill_material ("id", "name", "description", "type", "details", "created_by", "updated_by", "status", "created_at", "updated_at", "path") VALUES ('8817', 'Performance Evaluation', NULL, 'video', '{"source":"upload","size":20343829,"duration":{"hours":0,"minutes":1,"seconds":31},"file_name":"Module 8_ Performance Evaluation.mp4"}', 1, 1, 'active', '2024-06-27 10:07:32', '2024-06-27 10:07:32', '667cec8b1yJbHaAl7yBOXGjrmZSin6oB9qz7O43a/master.m3u8');
INSERT INTO tmp_upskill_material ("id", "name", "description", "type", "details", "created_by", "updated_by", "status", "created_at", "updated_at", "path") VALUES ('8818', NULL, '<p>In this module, we shall be looking into the following topics:</p>
<ul>
<li>Continual Improvement&nbsp;</li>
<li>Strategies of Damage Control&nbsp;</li>
<li>Techniques for Identifying and Adressing Non-Conformities and preparing for ISO/IEC 27001 certification</li>
</ul>', 'text', '[]', 1, 1, 'active', '2024-06-27 10:12:26', '2024-06-27 10:12:26', NULL);
INSERT INTO tmp_upskill_material ("id", "name", "description", "type", "details", "created_by", "updated_by", "status", "created_at", "updated_at", "path") VALUES ('8819', 'Improvement and Compliance', NULL, 'video', '{"source":"upload","size":46666749,"duration":{"hours":0,"minutes":3,"seconds":41},"file_name":"Module 9_ Improvement and Compliance.mp4"}', 1, 1, 'active', '2024-06-27 10:13:49', '2024-06-27 10:13:49', '667cee04ixU7T3tiJ28FqPZp5ipZc2DLPjIxPNpE/master.m3u8');
INSERT INTO tmp_upskill_material ("id", "name", "description", "type", "details", "created_by", "updated_by", "status", "created_at", "updated_at", "path") VALUES ('8820', NULL, '<p>The final step to validate the organization''s commitement to information security is certification. This will help the organization to implement a systematic and disciplined approach to improve the effectiveness of the Information Security Management System.&nbsp;</p>', 'text', '[]', 1, 1, 'active', '2024-06-27 10:23:30', '2024-06-27 10:23:30', NULL);
INSERT INTO tmp_upskill_material ("id", "name", "description", "type", "details", "created_by", "updated_by", "status", "created_at", "updated_at", "path") VALUES ('8821', 'Certification and Compliance', NULL, 'video', '{"source":"upload","size":34134778,"duration":{"hours":0,"minutes":2,"seconds":40},"file_name":"Module 10_ Certification and Compliance.mp4"}', 1, 1, 'active', '2024-06-27 10:24:07', '2024-06-27 10:24:07', '667cf06drYvCHKZLHEElQKfK0Ii5pyHIH2Nx8AUV/master.m3u8');
INSERT INTO tmp_upskill_material ("id", "name", "description", "type", "details", "created_by", "updated_by", "status", "created_at", "updated_at", "path") VALUES ('8822', NULL, '<p>In the final module, we shall look into the some of the data breach case studies.&nbsp;</p>
<p>Some of the best practices that can be methods that can be practiced in your daily work routine:</p>
<ul>
<li>Stay Informed&nbsp;</li>
<li>Follow policies&nbsp;</li>
<li>Report Incidents&nbsp;</li>
<li>Avoid sharing credentials&nbsp;</li>
<li>Software Updates, etc.</li>
</ul>
<p>&nbsp;</p>
<p>Thank you, and let us continue to strive excellence in information Security Management and making our organization safer.&nbsp;</p>', 'text', '[]', 1, 1, 'active', '2024-06-27 10:33:51', '2024-06-27 10:33:51', NULL);
INSERT INTO tmp_upskill_material ("id", "name", "description", "type", "details", "created_by", "updated_by", "status", "created_at", "updated_at", "path") VALUES ('8823', 'Case Studies and Best Practices', NULL, 'video', '{"source":"upload","size":60179210,"duration":{"hours":0,"minutes":4,"seconds":45},"file_name":"Module 11_ Case Studies and Best Practices.mp4"}', 1, 1, 'active', '2024-06-27 10:34:51', '2024-06-27 10:34:51', '667cf2f16y1Aa56TSuDEZyFlvwXIShQUqDE1dhAl/master.m3u8');
INSERT INTO tmp_upskill_material ("id", "name", "description", "type", "details", "created_by", "updated_by", "status", "created_at", "updated_at", "path") VALUES ('8824', NULL, '<p>Risk management involves conducting thorough risk assessments and implementing effective treatment strategies. This includes identifying, analyzing, and evaluating potential threats, and choosing to mitigate, transfer, avoid, or accept risks based on their impact and likelihood. Effective risk management helps organizations protect their operations and assets from potential disruptions and losses.</p>', 'text', '[]', 1, 1, 'active', '2024-06-27 16:22:07', '2024-06-27 16:22:07', NULL);
INSERT INTO tmp_upskill_material ("id", "name", "description", "type", "details", "created_by", "updated_by", "status", "created_at", "updated_at", "path") VALUES ('8864', 'Information Security Controls', NULL, 'video', '{"source":"upload","size":28371147,"duration":{"hours":0,"minutes":2,"seconds":5},"file_name":"Module 5_ Information Security Controls (1).mp4"}', 1, 1, 'active', '2024-07-16 16:00:21', '2024-07-16 16:00:21', '66964bbb1tt2VFQ0Oh0xtJZqzUaw2L3wcGbvniFU/master.m3u8');
INSERT INTO tmp_upskill_material ("id", "name", "description", "type", "details", "created_by", "updated_by", "status", "created_at", "updated_at", "path") VALUES ('9352', NULL, '<p>Sexual Harrasement is an unwelcome sexually motivated behavior. This is an overview of what the POSH act is, what the act aims at and its purpose and scope. This video will also help you have a deeper understanding of the importance of employee and Internal Compliance Committee and the conduct involved in this act.&nbsp;</p>', 'text', '[]', 1, 1, 'active', '2024-09-29 13:28:24', '2024-09-29 13:28:24', NULL);
INSERT INTO tmp_upskill_material ("id", "name", "description", "type", "details", "created_by", "updated_by", "status", "created_at", "updated_at", "path") VALUES ('9353', NULL, '<p>Sexual Harassments are of 2 types, Quid pro quo and Hostile work environment. Here, you will get an idea of who can complain, and most importantly the Constitution of an Internal Complaints Committee.</p>', 'text', '[]', 1, 1, 'active', '2024-09-29 13:50:21', '2024-09-29 13:50:21', NULL);
INSERT INTO tmp_upskill_material ("id", "name", "description", "type", "details", "created_by", "updated_by", "status", "created_at", "updated_at", "path") VALUES ('9356', NULL, '<p data-pm-slice="0 0 []">The complaint procedure under the POSH (Prevention of Sexual Harassment) Act is a structured process designed to address complaints of sexual harassment in the workplace.</p>
<p data-pm-slice="0 0 []">The POSH Act ensures a fair, transparent, and legally compliant process for handling sexual harassment complaints, with the aim of protecting employees&rsquo; rights and maintaining a safe work environment.</p>', 'text', '[]', 1, 1, 'active', '2024-09-29 14:21:46', '2024-09-29 14:21:46', NULL);
INSERT INTO tmp_upskill_material ("id", "name", "description", "type", "details", "created_by", "updated_by", "status", "created_at", "updated_at", "path") VALUES ('9358', NULL, '<p data-pm-slice="1 1 []">The POSH Act is a crucial legal framework designed to create a safe and respectful workplace environment, particularly for women, by addressing and preventing sexual harassment. Its implementation is not only a legal requirement but also a key factor in fostering inclusivity, trust, and productivity in the workplace, ultimately contributing to the well-being of employees and the success of the organization.</p>', 'text', '[]', 1, 1, 'active', '2024-09-29 14:26:11', '2024-09-29 14:26:11', NULL);
INSERT INTO tmp_upskill_material ("id", "name", "description", "type", "details", "created_by", "updated_by", "status", "created_at", "updated_at", "path") VALUES ('9385', 'Annual Report', NULL, 'video', '{"source":"upload","size":3310889,"duration":{"hours":0,"minutes":1,"seconds":19},"file_name":"Posh Video 4.mp4"}', 1, 1, 'active', '2024-11-18 23:46:51', '2024-11-18 23:46:51', '673b84928ujMO6RX2E1v2pRuAvmbtXZgCAx3V0h5/master.m3u8');
INSERT INTO tmp_upskill_material ("id", "name", "description", "type", "details", "created_by", "updated_by", "status", "created_at", "updated_at", "path") VALUES ('9386', 'Introduction', NULL, 'video', '{"source":"upload","size":10762176,"duration":{"hours":0,"minutes":4,"seconds":2},"file_name":"Posh Video 1.mp4"}', 1, 1, 'active', '2024-11-18 23:48:08', '2024-11-18 23:48:08', '673b84dfOX9CC7vC9WE06vVDzdRt0G9rotLxcf5Q/master.m3u8');
INSERT INTO tmp_upskill_material ("id", "name", "description", "type", "details", "created_by", "updated_by", "status", "created_at", "updated_at", "path") VALUES ('9387', 'Types of Sexual Harassments', NULL, 'video', '{"source":"upload","size":8322865,"duration":{"hours":0,"minutes":3,"seconds":33},"file_name":"Posh Video 2.mp4"}', 1, 1, 'active', '2024-11-18 23:48:57', '2024-11-18 23:48:57', '673b85111RMTmDhSweOQpA4AzHW54Ioeb1TM3bMS/master.m3u8');
INSERT INTO tmp_upskill_material ("id", "name", "description", "type", "details", "created_by", "updated_by", "status", "created_at", "updated_at", "path") VALUES ('9388', 'Complaint Procedure', NULL, 'video', '{"source":"upload","size":8238597,"duration":{"hours":0,"minutes":3,"seconds":52},"file_name":"Posh Video 3.mp4"}', 1, 1, 'active', '2024-11-18 23:49:28', '2024-11-18 23:49:28', '673b852fSU2C2dWHmIQHdNMHoA65lvcFAKu4lVpn/master.m3u8');


-- Insert statements for tmp_upskill_content_material
INSERT INTO tmp_upskill_content_material ("id", "content_id", "material_id", "is_downloadable", "order") VALUES ('8801', '4292', '8801', 'f', '2');
INSERT INTO tmp_upskill_content_material ("id", "content_id", "material_id", "is_downloadable", "order") VALUES ('8804', '4292', '8804', 'f', '1');
INSERT INTO tmp_upskill_content_material ("id", "content_id", "material_id", "is_downloadable", "order") VALUES ('8805', '4293', '8805', 'f', '1');
INSERT INTO tmp_upskill_content_material ("id", "content_id", "material_id", "is_downloadable", "order") VALUES ('8806', '4293', '8806', 'f', '2');
INSERT INTO tmp_upskill_content_material ("id", "content_id", "material_id", "is_downloadable", "order") VALUES ('8807', '4294', '8807', 'f', '1');
INSERT INTO tmp_upskill_content_material ("id", "content_id", "material_id", "is_downloadable", "order") VALUES ('8808', '4294', '8808', 'f', '2');
INSERT INTO tmp_upskill_content_material ("id", "content_id", "material_id", "is_downloadable", "order") VALUES ('8809', '4295', '8809', 'f', '3');
INSERT INTO tmp_upskill_content_material ("id", "content_id", "material_id", "is_downloadable", "order") VALUES ('8810', '4296', '8810', 'f', '1');
INSERT INTO tmp_upskill_content_material ("id", "content_id", "material_id", "is_downloadable", "order") VALUES ('8812', '4297', '8812', 'f', '1');
INSERT INTO tmp_upskill_content_material ("id", "content_id", "material_id", "is_downloadable", "order") VALUES ('8813', '4297', '8813', 'f', '2');
INSERT INTO tmp_upskill_content_material ("id", "content_id", "material_id", "is_downloadable", "order") VALUES ('8814', '4298', '8814', 'f', '1');
INSERT INTO tmp_upskill_content_material ("id", "content_id", "material_id", "is_downloadable", "order") VALUES ('8815', '4298', '8815', 'f', '2');
INSERT INTO tmp_upskill_content_material ("id", "content_id", "material_id", "is_downloadable", "order") VALUES ('8816', '4299', '8816', 'f', '1');
INSERT INTO tmp_upskill_content_material ("id", "content_id", "material_id", "is_downloadable", "order") VALUES ('8817', '4299', '8817', 'f', '2');
INSERT INTO tmp_upskill_content_material ("id", "content_id", "material_id", "is_downloadable", "order") VALUES ('8818', '4300', '8818', 'f', '1');
INSERT INTO tmp_upskill_content_material ("id", "content_id", "material_id", "is_downloadable", "order") VALUES ('8819', '4300', '8819', 'f', '2');
INSERT INTO tmp_upskill_content_material ("id", "content_id", "material_id", "is_downloadable", "order") VALUES ('8820', '4301', '8820', 'f', '1');
INSERT INTO tmp_upskill_content_material ("id", "content_id", "material_id", "is_downloadable", "order") VALUES ('8821', '4301', '8821', 'f', '2');
INSERT INTO tmp_upskill_content_material ("id", "content_id", "material_id", "is_downloadable", "order") VALUES ('8822', '4302', '8822', 'f', '1');
INSERT INTO tmp_upskill_content_material ("id", "content_id", "material_id", "is_downloadable", "order") VALUES ('8823', '4302', '8823', 'f', '2');
INSERT INTO tmp_upskill_content_material ("id", "content_id", "material_id", "is_downloadable", "order") VALUES ('8824', '4295', '8824', 'f', '1');
INSERT INTO tmp_upskill_content_material ("id", "content_id", "material_id", "is_downloadable", "order") VALUES ('8864', '4296', '8864', 'f', '2');
INSERT INTO tmp_upskill_content_material ("id", "content_id", "material_id", "is_downloadable", "order") VALUES ('9352', '4639', '9352', 'f', '2');
INSERT INTO tmp_upskill_content_material ("id", "content_id", "material_id", "is_downloadable", "order") VALUES ('9353', '4640', '9353', 'f', '2');
INSERT INTO tmp_upskill_content_material ("id", "content_id", "material_id", "is_downloadable", "order") VALUES ('9356', '4641', '9356', 'f', '2');
INSERT INTO tmp_upskill_content_material ("id", "content_id", "material_id", "is_downloadable", "order") VALUES ('9358', '4642', '9358', 'f', '2');
INSERT INTO tmp_upskill_content_material ("id", "content_id", "material_id", "is_downloadable", "order") VALUES ('9385', '4642', '9385', 'f', '1');
INSERT INTO tmp_upskill_content_material ("id", "content_id", "material_id", "is_downloadable", "order") VALUES ('9386', '4639', '9386', 'f', '1');
INSERT INTO tmp_upskill_content_material ("id", "content_id", "material_id", "is_downloadable", "order") VALUES ('9387', '4640', '9387', 'f', '1');
INSERT INTO tmp_upskill_content_material ("id", "content_id", "material_id", "is_downloadable", "order") VALUES ('9388', '4641', '9388', 'f', '1');


-- Insert statements for tmp_upskill_assignment


-- Insert statements for tmp_upskill_assignment_document


-- Insert statements for tmp_upskill_question
INSERT INTO tmp_upskill_question ("id", "question", "type", "hint", "feedback_correct", "feedback_wrong", "status", "created_by", "updated_by", "created_at", "updated_at") VALUES ('1247', '<p><strong>How many control objectives and controls are there in ISO/IEC 27001:2022?</strong></p>', 'multiple_single', NULL, NULL, NULL, 'active', 1, 1, '2024-06-28 10:10:36', '2024-06-28 10:10:36');
INSERT INTO tmp_upskill_question ("id", "question", "type", "hint", "feedback_correct", "feedback_wrong", "status", "created_by", "updated_by", "created_at", "updated_at") VALUES ('1248', '<p><strong>What is the purpose of ISO/IEC 27001:2022?</strong><strong><br /></strong></p>', 'multiple_single', NULL, NULL, NULL, 'active', 1, 1, '2024-06-28 10:25:16', '2024-06-28 10:25:16');
INSERT INTO tmp_upskill_question ("id", "question", "type", "hint", "feedback_correct", "feedback_wrong", "status", "created_by", "updated_by", "created_at", "updated_at") VALUES ('1249', '<p><strong>Which of the following is NOT a control group in ISO/IEC 27001:2022?</strong><strong><br /></strong></p>', 'multiple_single', NULL, NULL, NULL, 'active', 1, 1, '2024-06-28 10:31:03', '2024-06-28 10:31:03');
INSERT INTO tmp_upskill_question ("id", "question", "type", "hint", "feedback_correct", "feedback_wrong", "status", "created_by", "updated_by", "created_at", "updated_at") VALUES ('1250', '<p><strong>What is the PDCA cycle?</strong></p>', 'multiple_single', NULL, NULL, NULL, 'active', 1, 1, '2024-06-28 10:32:41', '2024-06-28 10:32:41');
INSERT INTO tmp_upskill_question ("id", "question", "type", "hint", "feedback_correct", "feedback_wrong", "status", "created_by", "updated_by", "created_at", "updated_at") VALUES ('1251', '<p><strong>Who are the key stakeholders in an ISMS?</strong></p>', 'multiple_single', NULL, NULL, NULL, 'active', 1, 1, '2024-06-28 10:55:18', '2024-06-28 10:55:18');
INSERT INTO tmp_upskill_question ("id", "question", "type", "hint", "feedback_correct", "feedback_wrong", "status", "created_by", "updated_by", "created_at", "updated_at") VALUES ('1252', '<p><strong>What are some common threats to information security?</strong></p>', 'multiple_single', NULL, NULL, NULL, 'active', 1, 1, '2024-06-28 10:56:23', '2024-06-28 10:56:23');
INSERT INTO tmp_upskill_question ("id", "question", "type", "hint", "feedback_correct", "feedback_wrong", "status", "created_by", "updated_by", "created_at", "updated_at") VALUES ('1253', '<p><strong>What is the purpose of an information security audit?</strong></p>', 'multiple_single', NULL, NULL, NULL, 'active', 1, 1, '2024-06-28 10:57:39', '2024-06-28 10:57:39');
INSERT INTO tmp_upskill_question ("id", "question", "type", "hint", "feedback_correct", "feedback_wrong", "status", "created_by", "updated_by", "created_at", "updated_at") VALUES ('1254', '<p><strong>Who are considered stakeholders in the context of an ISMS? </strong></p>', 'multiple_single', NULL, NULL, NULL, 'active', 1, 1, '2024-06-28 10:59:22', '2024-06-28 15:53:15');
INSERT INTO tmp_upskill_question ("id", "question", "type", "hint", "feedback_correct", "feedback_wrong", "status", "created_by", "updated_by", "created_at", "updated_at") VALUES ('1255', '<p><strong>The CIA Triad in information security stands for: </strong></p>', 'multiple_single', NULL, NULL, NULL, 'active', 1, 1, '2024-06-28 11:01:39', '2024-06-28 11:01:39');
INSERT INTO tmp_upskill_question ("id", "question", "type", "hint", "feedback_correct", "feedback_wrong", "status", "created_by", "updated_by", "created_at", "updated_at") VALUES ('1256', '<p><strong>What does &lsquo;Confidentiality&rsquo; ensure in the context of the CIA Triad? </strong></p>', 'multiple_single', NULL, NULL, NULL, 'active', 1, 1, '2024-06-28 12:37:59', '2024-06-28 12:37:59');
INSERT INTO tmp_upskill_question ("id", "question", "type", "hint", "feedback_correct", "feedback_wrong", "status", "created_by", "updated_by", "created_at", "updated_at") VALUES ('1257', '<p><strong>&lsquo;Integrity&rsquo; in the CIA Triad refers to:</strong></p>', 'multiple_single', NULL, NULL, NULL, 'active', 1, 1, '2024-06-28 12:39:27', '2024-06-28 12:39:27');
INSERT INTO tmp_upskill_question ("id", "question", "type", "hint", "feedback_correct", "feedback_wrong", "status", "created_by", "updated_by", "created_at", "updated_at") VALUES ('1258', '<p><strong>Authenticity in information security is related to: </strong></p>', 'multiple_single', NULL, NULL, NULL, 'active', 1, 1, '2024-06-28 12:41:02', '2024-06-28 12:41:02');
INSERT INTO tmp_upskill_question ("id", "question", "type", "hint", "feedback_correct", "feedback_wrong", "status", "created_by", "updated_by", "created_at", "updated_at") VALUES ('1259', '<p><strong>&nbsp;A risk assessment is a systematic process that involves:</strong></p>', 'multiple_single', NULL, NULL, NULL, 'active', 1, 1, '2024-06-28 12:42:58', '2024-06-28 12:42:58');
INSERT INTO tmp_upskill_question ("id", "question", "type", "hint", "feedback_correct", "feedback_wrong", "status", "created_by", "updated_by", "created_at", "updated_at") VALUES ('1260', '<p><strong>When assessing risks, what should be evaluated?</strong></p>', 'multiple_single', NULL, NULL, NULL, 'active', 1, 1, '2024-06-28 12:44:36', '2024-06-28 12:44:36');
INSERT INTO tmp_upskill_question ("id", "question", "type", "hint", "feedback_correct", "feedback_wrong", "status", "created_by", "updated_by", "created_at", "updated_at") VALUES ('1261', '<p><span style="font-weight: 400;">What does ''Mitigation'' in risk treatment involve?</span></p>', 'multiple_single', NULL, NULL, NULL, 'active', 1, 1, '2024-06-28 12:46:31', '2024-06-28 12:46:31');
INSERT INTO tmp_upskill_question ("id", "question", "type", "hint", "feedback_correct", "feedback_wrong", "status", "created_by", "updated_by", "created_at", "updated_at") VALUES ('1262', '<p><strong>When we ''Accept'' a risk, we:</strong></p>', 'multiple_single', NULL, NULL, NULL, 'active', 1, 1, '2024-06-28 12:48:05', '2024-06-28 12:48:05');
INSERT INTO tmp_upskill_question ("id", "question", "type", "hint", "feedback_correct", "feedback_wrong", "status", "created_by", "updated_by", "created_at", "updated_at") VALUES ('1263', '<p><strong>What does the ''Avoidance'' risk treatment option entail?</strong></p>', 'multiple_single', NULL, NULL, NULL, 'active', 1, 1, '2024-06-28 12:49:22', '2024-06-28 12:49:22');
INSERT INTO tmp_upskill_question ("id", "question", "type", "hint", "feedback_correct", "feedback_wrong", "status", "created_by", "updated_by", "created_at", "updated_at") VALUES ('1264', '<p><strong>What should organizations do with residual risks?</strong></p>', 'multiple_single', NULL, NULL, NULL, 'active', 1, 1, '2024-06-28 12:51:07', '2024-06-28 12:51:07');
INSERT INTO tmp_upskill_question ("id", "question", "type", "hint", "feedback_correct", "feedback_wrong", "status", "created_by", "updated_by", "created_at", "updated_at") VALUES ('1265', '<p><strong>People Controls focus on:</strong></p>', 'multiple_single', NULL, NULL, NULL, 'active', 1, 1, '2024-06-28 12:52:25', '2024-06-28 13:59:24');
INSERT INTO tmp_upskill_question ("id", "question", "type", "hint", "feedback_correct", "feedback_wrong", "status", "created_by", "updated_by", "created_at", "updated_at") VALUES ('1266', '<p><strong>Physical Controls are concerned with:</strong></p>', 'multiple_single', NULL, NULL, NULL, 'active', 1, 1, '2024-06-28 12:54:21', '2024-06-28 12:54:21');
INSERT INTO tmp_upskill_question ("id", "question", "type", "hint", "feedback_correct", "feedback_wrong", "status", "created_by", "updated_by", "created_at", "updated_at") VALUES ('1267', '<p><strong>Technological Controls include areas such as:</strong></p>', 'multiple_single', NULL, NULL, NULL, 'active', 1, 1, '2024-06-28 12:55:18', '2024-06-28 12:55:18');
INSERT INTO tmp_upskill_question ("id", "question", "type", "hint", "feedback_correct", "feedback_wrong", "status", "created_by", "updated_by", "created_at", "updated_at") VALUES ('1268', '<p><strong>Organizational Controls are primarily concerned with:</strong></p>', 'multiple_single', NULL, NULL, NULL, 'active', 1, 1, '2024-06-28 12:56:30', '2024-06-28 12:56:30');
INSERT INTO tmp_upskill_question ("id", "question", "type", "hint", "feedback_correct", "feedback_wrong", "status", "created_by", "updated_by", "created_at", "updated_at") VALUES ('1269', '<p><strong><strong>What is the goal of communicating about the ISMS?</strong></strong></p>', 'multiple_single', NULL, NULL, NULL, 'active', 1, 1, '2024-06-28 12:58:04', '2024-06-28 12:58:04');
INSERT INTO tmp_upskill_question ("id", "question", "type", "hint", "feedback_correct", "feedback_wrong", "status", "created_by", "updated_by", "created_at", "updated_at") VALUES ('1270', '<p><strong>What are the crucial elements for maintaining and improving an organization&rsquo;s information security?</strong></p>', 'multiple_single', NULL, NULL, NULL, 'active', 1, 1, '2024-06-28 12:59:10', '2024-06-28 12:59:10');
INSERT INTO tmp_upskill_question ("id", "question", "type", "hint", "feedback_correct", "feedback_wrong", "status", "created_by", "updated_by", "created_at", "updated_at") VALUES ('1271', '<p><strong>What is the result of raising awareness about information security?</strong></p>', 'multiple_single', NULL, NULL, NULL, 'active', 1, 1, '2024-06-28 13:00:36', '2024-06-28 13:00:36');
INSERT INTO tmp_upskill_question ("id", "question", "type", "hint", "feedback_correct", "feedback_wrong", "status", "created_by", "updated_by", "created_at", "updated_at") VALUES ('1272', '<p><strong>How can the effectiveness of implemented security measures be checked?</strong></p>', 'multiple_single', NULL, NULL, NULL, 'active', 1, 1, '2024-06-28 13:05:24', '2024-06-28 13:05:24');
INSERT INTO tmp_upskill_question ("id", "question", "type", "hint", "feedback_correct", "feedback_wrong", "status", "created_by", "updated_by", "created_at", "updated_at") VALUES ('1273', '<p><strong>What is the role of employees in maintaining information security?</strong></p>', 'multiple_single', NULL, NULL, NULL, 'active', 1, 1, '2024-06-28 13:06:19', '2024-06-28 13:06:19');
INSERT INTO tmp_upskill_question ("id", "question", "type", "hint", "feedback_correct", "feedback_wrong", "status", "created_by", "updated_by", "created_at", "updated_at") VALUES ('1274', '<p><strong>What is the purpose of monitoring and measuring ISMS performance?</strong></p>', 'multiple_single', NULL, NULL, NULL, 'active', 1, 1, '2024-06-28 13:07:12', '2024-06-28 13:07:12');
INSERT INTO tmp_upskill_question ("id", "question", "type", "hint", "feedback_correct", "feedback_wrong", "status", "created_by", "updated_by", "created_at", "updated_at") VALUES ('1275', '<p><strong>What is the purpose of conducting internal audits in an ISMS?</strong></p>', 'multiple_single', NULL, NULL, NULL, 'active', 1, 1, '2024-06-28 13:08:13', '2024-06-28 13:08:13');
INSERT INTO tmp_upskill_question ("id", "question", "type", "hint", "feedback_correct", "feedback_wrong", "status", "created_by", "updated_by", "created_at", "updated_at") VALUES ('1276', '<p><strong>What should be examined during an internal audit?</strong></p>', 'multiple_single', NULL, NULL, NULL, 'active', 1, 1, '2024-06-28 13:09:08', '2024-06-28 13:09:08');
INSERT INTO tmp_upskill_question ("id", "question", "type", "hint", "feedback_correct", "feedback_wrong", "status", "created_by", "updated_by", "created_at", "updated_at") VALUES ('1277', '<p><strong>What is the result of a successful internal audit?</strong></p>', 'multiple_single', NULL, NULL, NULL, 'active', 1, 1, '2024-06-28 13:10:04', '2024-06-28 13:10:04');
INSERT INTO tmp_upskill_question ("id", "question", "type", "hint", "feedback_correct", "feedback_wrong", "status", "created_by", "updated_by", "created_at", "updated_at") VALUES ('1278', '<p><strong>Why is continual improvement necessary in information security?</strong></p>', 'multiple_single', NULL, NULL, NULL, 'active', 1, 1, '2024-06-28 13:11:13', '2024-06-28 13:11:13');
INSERT INTO tmp_upskill_question ("id", "question", "type", "hint", "feedback_correct", "feedback_wrong", "status", "created_by", "updated_by", "created_at", "updated_at") VALUES ('1279', '<p><strong>In the context of damage control, what is an incident?</strong></p>', 'multiple_single', NULL, NULL, NULL, 'active', 1, 1, '2024-06-28 13:12:14', '2024-06-28 13:12:14');
INSERT INTO tmp_upskill_question ("id", "question", "type", "hint", "feedback_correct", "feedback_wrong", "status", "created_by", "updated_by", "created_at", "updated_at") VALUES ('1280', '<p><strong>What is the primary strategy for damage control?</strong></p>', 'multiple_single', NULL, NULL, NULL, 'active', 1, 1, '2024-06-28 13:13:26', '2024-06-28 13:13:26');
INSERT INTO tmp_upskill_question ("id", "question", "type", "hint", "feedback_correct", "feedback_wrong", "status", "created_by", "updated_by", "created_at", "updated_at") VALUES ('1281', '<p><strong>What is the first step towards prevention, according to the best practices?</strong></p>', 'multiple_single', NULL, NULL, NULL, 'active', 1, 1, '2024-06-28 13:14:19', '2024-06-28 13:14:19');
INSERT INTO tmp_upskill_question ("id", "question", "type", "hint", "feedback_correct", "feedback_wrong", "status", "created_by", "updated_by", "created_at", "updated_at") VALUES ('1282', '<p><strong>What should you do if you believe a security incident has occurred?</strong></p>', 'multiple_single', NULL, NULL, NULL, 'active', 1, 1, '2024-06-28 13:16:01', '2024-06-28 13:16:01');
INSERT INTO tmp_upskill_question ("id", "question", "type", "hint", "feedback_correct", "feedback_wrong", "status", "created_by", "updated_by", "created_at", "updated_at") VALUES ('1283', '<p><strong>According to the best practices, what should you avoid using for accessing company resources?</strong></p>', 'multiple_single', NULL, NULL, NULL, 'active', 1, 1, '2024-06-28 13:17:02', '2024-06-28 13:17:02');
INSERT INTO tmp_upskill_question ("id", "question", "type", "hint", "feedback_correct", "feedback_wrong", "status", "created_by", "updated_by", "created_at", "updated_at") VALUES ('1284', '<p><strong>How often should you change your passwords, as recommended in the best practices?</strong></p>', 'multiple_single', NULL, NULL, NULL, 'active', 1, 1, '2024-06-28 13:18:23', '2024-06-28 13:18:23');
INSERT INTO tmp_upskill_question ("id", "question", "type", "hint", "feedback_correct", "feedback_wrong", "status", "created_by", "updated_by", "created_at", "updated_at") VALUES ('1285', '<p><strong>Which step adds an extra layer of protection to sensitive data?</strong></p>', 'multiple_single', NULL, NULL, NULL, 'active', 1, 1, '2024-06-28 13:19:31', '2024-06-28 13:19:31');
INSERT INTO tmp_upskill_question ("id", "question", "type", "hint", "feedback_correct", "feedback_wrong", "status", "created_by", "updated_by", "created_at", "updated_at") VALUES ('1286', '<p><strong>What should you do with sensitive information when disposing of it?</strong></p>', 'multiple_single', NULL, NULL, NULL, 'active', 1, 1, '2024-06-28 13:20:29', '2024-06-28 13:20:29');
INSERT INTO tmp_upskill_question ("id", "question", "type", "hint", "feedback_correct", "feedback_wrong", "status", "created_by", "updated_by", "created_at", "updated_at") VALUES ('1288', '<p><strong>What does ISMS stand for?</strong></p>', 'multiple_single', NULL, NULL, NULL, 'active', 1, 1, '2024-06-28 13:25:08', '2024-06-28 13:25:08');
INSERT INTO tmp_upskill_question ("id", "question", "type", "hint", "feedback_correct", "feedback_wrong", "status", "created_by", "updated_by", "created_at", "updated_at") VALUES ('1289', '<p><strong>What is a key aspect of effective incident management?</strong></p>', 'multiple_single', NULL, NULL, NULL, 'active', 1, 1, '2024-06-28 13:31:25', '2024-07-04 11:27:07');


-- Insert statements for tmp_upskill_question_option
INSERT INTO tmp_upskill_question_option ("id", "question_id", "option", "feedback", "is_correct") VALUES ('4759', '1247', '<p><span style="font-weight: 400;">114 control objectives and controls</span></p>', NULL, 'f');
INSERT INTO tmp_upskill_question_option ("id", "question_id", "option", "feedback", "is_correct") VALUES ('4760', '1247', '<p><span style="font-weight: 400;">93 control objectives and 114 controls</span></p>', NULL, 'f');
INSERT INTO tmp_upskill_question_option ("id", "question_id", "option", "feedback", "is_correct") VALUES ('4761', '1247', '<p><span style="font-weight: 400;">114 control objectives and 93 controls</span></p>', NULL, 'f');
INSERT INTO tmp_upskill_question_option ("id", "question_id", "option", "feedback", "is_correct") VALUES ('4762', '1247', '<p><span style="font-weight: 400;">93 control objectives and controls</span></p>', NULL, 't');
INSERT INTO tmp_upskill_question_option ("id", "question_id", "option", "feedback", "is_correct") VALUES ('4763', '1248', '<p><span style="font-weight: 400;">To manage and protect information assets</span></p>', NULL, 't');
INSERT INTO tmp_upskill_question_option ("id", "question_id", "option", "feedback", "is_correct") VALUES ('4764', '1248', '<p><span style="font-weight: 400;">To improve customer service</span><span style="font-weight: 400;"><br /></span></p>', NULL, 'f');
INSERT INTO tmp_upskill_question_option ("id", "question_id", "option", "feedback", "is_correct") VALUES ('4765', '1248', '<p><span style="font-weight: 400;">To increase sales</span><span style="font-weight: 400;"><br /></span></p>', NULL, 'f');
INSERT INTO tmp_upskill_question_option ("id", "question_id", "option", "feedback", "is_correct") VALUES ('4766', '1248', '<p><span style="font-weight: 400;">To reduce costs</span><span style="font-weight: 400;"><br /></span></p>', NULL, 'f');
INSERT INTO tmp_upskill_question_option ("id", "question_id", "option", "feedback", "is_correct") VALUES ('4767', '1249', '<p><span style="font-weight: 400;">Organizational</span></p>', NULL, 'f');
INSERT INTO tmp_upskill_question_option ("id", "question_id", "option", "feedback", "is_correct") VALUES ('4768', '1249', '<p><span style="font-weight: 400;">People</span></p>', NULL, 'f');
INSERT INTO tmp_upskill_question_option ("id", "question_id", "option", "feedback", "is_correct") VALUES ('4769', '1249', '<p><span style="font-weight: 400;">Physical</span></p>', NULL, 'f');
INSERT INTO tmp_upskill_question_option ("id", "question_id", "option", "feedback", "is_correct") VALUES ('4770', '1249', '<p><span style="font-weight: 400;">Financial</span></p>', NULL, 't');
INSERT INTO tmp_upskill_question_option ("id", "question_id", "option", "feedback", "is_correct") VALUES ('4771', '1250', '<p><span style="font-weight: 400;">Plan-Do-Check-Act</span></p>', NULL, 't');
INSERT INTO tmp_upskill_question_option ("id", "question_id", "option", "feedback", "is_correct") VALUES ('4772', '1250', '<p><span style="font-weight: 400;">Plan-Do-Check-Review</span><span style="font-weight: 400;"><br /></span></p>', NULL, 'f');
INSERT INTO tmp_upskill_question_option ("id", "question_id", "option", "feedback", "is_correct") VALUES ('4773', '1250', '<p><span style="font-weight: 400;">Plan-Do-Check-Align</span></p>', NULL, 'f');
INSERT INTO tmp_upskill_question_option ("id", "question_id", "option", "feedback", "is_correct") VALUES ('4774', '1250', '<p><span style="font-weight: 400;">Plan-Do-Check-Sustain</span></p>', NULL, 'f');
INSERT INTO tmp_upskill_question_option ("id", "question_id", "option", "feedback", "is_correct") VALUES ('4775', '1251', '<p><span style="font-weight: 400;">Top management</span></p>', NULL, 'f');
INSERT INTO tmp_upskill_question_option ("id", "question_id", "option", "feedback", "is_correct") VALUES ('4776', '1251', '<p><span style="font-weight: 400;">Information security professionals</span></p>', NULL, 'f');
INSERT INTO tmp_upskill_question_option ("id", "question_id", "option", "feedback", "is_correct") VALUES ('4777', '1251', '<p><span style="font-weight: 400;">End-users</span></p>', NULL, 'f');
INSERT INTO tmp_upskill_question_option ("id", "question_id", "option", "feedback", "is_correct") VALUES ('4778', '1251', '<p><span style="font-weight: 400;">All of the above</span></p>', NULL, 't');
INSERT INTO tmp_upskill_question_option ("id", "question_id", "option", "feedback", "is_correct") VALUES ('4779', '1252', '<p><span style="font-weight: 400;">Cyberattacks</span></p>', NULL, 'f');
INSERT INTO tmp_upskill_question_option ("id", "question_id", "option", "feedback", "is_correct") VALUES ('4780', '1252', '<p><span style="font-weight: 400;">Natural disasters</span></p>', NULL, 'f');
INSERT INTO tmp_upskill_question_option ("id", "question_id", "option", "feedback", "is_correct") VALUES ('4781', '1252', '<p><span style="font-weight: 400;">Human error</span></p>', NULL, 'f');
INSERT INTO tmp_upskill_question_option ("id", "question_id", "option", "feedback", "is_correct") VALUES ('4782', '1252', '<p><span style="font-weight: 400;">All of the above</span></p>', NULL, 't');
INSERT INTO tmp_upskill_question_option ("id", "question_id", "option", "feedback", "is_correct") VALUES ('4783', '1253', '<p><span style="font-weight: 400;">All of the above</span></p>', NULL, 't');
INSERT INTO tmp_upskill_question_option ("id", "question_id", "option", "feedback", "is_correct") VALUES ('4784', '1253', '<p><span style="font-weight: 400;"><span style="font-weight: 400;">To ensure compliance with regulatory requirements</span><span style="font-weight: 400;"><br /></span></span></p>', NULL, 'f');
INSERT INTO tmp_upskill_question_option ("id", "question_id", "option", "feedback", "is_correct") VALUES ('4785', '1253', '<p><span style="font-weight: 400;">To identify areas for improvement</span></p>', NULL, 'f');
INSERT INTO tmp_upskill_question_option ("id", "question_id", "option", "feedback", "is_correct") VALUES ('4786', '1253', '<p><span style="font-weight: 400;">To assess the effectiveness of an organization''s information security program</span></p>', NULL, 'f');
INSERT INTO tmp_upskill_question_option ("id", "question_id", "option", "feedback", "is_correct") VALUES ('4787', '1254', '<p><span style="font-weight: 400;">Only the IT department staff</span></p>', NULL, 'f');
INSERT INTO tmp_upskill_question_option ("id", "question_id", "option", "feedback", "is_correct") VALUES ('4788', '1254', '<p><span style="font-weight: 400;">Only the top management&nbsp;</span></p>
<p>&nbsp;</p>', NULL, 'f');
INSERT INTO tmp_upskill_question_option ("id", "question_id", "option", "feedback", "is_correct") VALUES ('4789', '1254', '<p><span style="font-weight: 400;">Employees, customers, suppliers, and regulators</span></p>
<p>&nbsp;</p>', NULL, 't');
INSERT INTO tmp_upskill_question_option ("id", "question_id", "option", "feedback", "is_correct") VALUES ('4790', '1254', '<p><span style="font-weight: 400;">External auditors only</span></p>', NULL, 'f');
INSERT INTO tmp_upskill_question_option ("id", "question_id", "option", "feedback", "is_correct") VALUES ('4791', '1255', '<p><span style="font-weight: 400;">Confidentiality, Integrity, and Availability&nbsp;</span></p>', NULL, 't');
INSERT INTO tmp_upskill_question_option ("id", "question_id", "option", "feedback", "is_correct") VALUES ('4792', '1255', '<p><span style="font-weight: 400;">Control, Inspection, and Approval&nbsp;</span></p>', NULL, 'f');
INSERT INTO tmp_upskill_question_option ("id", "question_id", "option", "feedback", "is_correct") VALUES ('4793', '1255', '<p><span style="font-weight: 400;">Certification, Identification, and Authentication&nbsp;</span></p>', NULL, 'f');
INSERT INTO tmp_upskill_question_option ("id", "question_id", "option", "feedback", "is_correct") VALUES ('4794', '1255', '<p><span style="font-weight: 400;">Collaboration, Innovation, and Adaptability</span></p>', NULL, 'f');
INSERT INTO tmp_upskill_question_option ("id", "question_id", "option", "feedback", "is_correct") VALUES ('4795', '1256', '<p><span style="font-weight: 400;">Information is accessible only to authorized individuals&nbsp;</span></p>', NULL, 't');
INSERT INTO tmp_upskill_question_option ("id", "question_id", "option", "feedback", "is_correct") VALUES ('4796', '1256', '<p><span style="font-weight: 400;">Data is accurate and reliable&nbsp;</span></p>', NULL, 'f');
INSERT INTO tmp_upskill_question_option ("id", "question_id", "option", "feedback", "is_correct") VALUES ('4797', '1256', '<p><span style="font-weight: 400;">Information and resources are available when needed</span></p>', NULL, 'f');
INSERT INTO tmp_upskill_question_option ("id", "question_id", "option", "feedback", "is_correct") VALUES ('4798', '1256', '<p><span style="font-weight: 400;">The origin and integrity of data are verified</span></p>', NULL, 'f');
INSERT INTO tmp_upskill_question_option ("id", "question_id", "option", "feedback", "is_correct") VALUES ('4799', '1257', '<p><span style="font-weight: 400;">Preventing unauthorized access to information&nbsp;</span></p>', NULL, 'f');
INSERT INTO tmp_upskill_question_option ("id", "question_id", "option", "feedback", "is_correct") VALUES ('4800', '1257', '<p><span style="font-weight: 400;">Maintaining the accuracy and reliability of data</span></p>', NULL, 't');
INSERT INTO tmp_upskill_question_option ("id", "question_id", "option", "feedback", "is_correct") VALUES ('4801', '1257', '<p><span style="font-weight: 400;">Ensuring information is available on demand&nbsp;</span></p>', NULL, 'f');
INSERT INTO tmp_upskill_question_option ("id", "question_id", "option", "feedback", "is_correct") VALUES ('4802', '1257', '<p><span style="font-weight: 400;">Verifying the identity of users</span></p>', NULL, 'f');
INSERT INTO tmp_upskill_question_option ("id", "question_id", "option", "feedback", "is_correct") VALUES ('4803', '1258', '<p><span style="font-weight: 400;">Holding individuals responsible for their actions</span></p>', NULL, 'f');
INSERT INTO tmp_upskill_question_option ("id", "question_id", "option", "feedback", "is_correct") VALUES ('4804', '1258', '<p><span style="font-weight: 400;">Preventing denial of actions or transactions</span></p>', NULL, 'f');
INSERT INTO tmp_upskill_question_option ("id", "question_id", "option", "feedback", "is_correct") VALUES ('4805', '1258', '<p><span style="font-weight: 400;">Verifying the origin and integrity of data</span></p>', NULL, 't');
INSERT INTO tmp_upskill_question_option ("id", "question_id", "option", "feedback", "is_correct") VALUES ('4806', '1258', '<p><span style="font-weight: 400;">Ensuring consistent and dependable information services</span></p>', NULL, 'f');
INSERT INTO tmp_upskill_question_option ("id", "question_id", "option", "feedback", "is_correct") VALUES ('4807', '1259', '<p><span style="font-weight: 400;">Identifying potential reward</span></p>', NULL, 'f');
INSERT INTO tmp_upskill_question_option ("id", "question_id", "option", "feedback", "is_correct") VALUES ('4808', '1259', '<p><span style="font-weight: 400;">Analyzing potential threats and vulnerabilities</span></p>', NULL, 't');
INSERT INTO tmp_upskill_question_option ("id", "question_id", "option", "feedback", "is_correct") VALUES ('4809', '1259', '<p><span style="font-weight: 400;">Ignoring minor risk</span></p>', NULL, 'f');
INSERT INTO tmp_upskill_question_option ("id", "question_id", "option", "feedback", "is_correct") VALUES ('4810', '1259', '<p><span style="font-weight: 400;">Focusing solely on financial risks</span></p>', NULL, 'f');
INSERT INTO tmp_upskill_question_option ("id", "question_id", "option", "feedback", "is_correct") VALUES ('4811', '1260', '<p><span style="font-weight: 400;">Only the impact</span></p>', NULL, 'f');
INSERT INTO tmp_upskill_question_option ("id", "question_id", "option", "feedback", "is_correct") VALUES ('4812', '1260', '<p><span style="font-weight: 400;">Only the likelihood</span></p>', NULL, 'f');
INSERT INTO tmp_upskill_question_option ("id", "question_id", "option", "feedback", "is_correct") VALUES ('4813', '1260', '<p><span style="font-weight: 400;">Both impact and likelihood</span></p>', NULL, 't');
INSERT INTO tmp_upskill_question_option ("id", "question_id", "option", "feedback", "is_correct") VALUES ('4814', '1260', '<p><span style="font-weight: 400;">Neither impact nor likelihood</span></p>', NULL, 'f');
INSERT INTO tmp_upskill_question_option ("id", "question_id", "option", "feedback", "is_correct") VALUES ('4815', '1261', '<p><span style="font-weight: 400;">Ignoring the risks</span></p>', NULL, 'f');
INSERT INTO tmp_upskill_question_option ("id", "question_id", "option", "feedback", "is_correct") VALUES ('4816', '1261', '<p><span style="font-weight: 400;">Implementing security controls to lessen risk impact or likelihood</span></p>', NULL, 't');
INSERT INTO tmp_upskill_question_option ("id", "question_id", "option", "feedback", "is_correct") VALUES ('4817', '1261', '<p><span style="font-weight: 400;">Transferring the risks to another party</span></p>', NULL, 'f');
INSERT INTO tmp_upskill_question_option ("id", "question_id", "option", "feedback", "is_correct") VALUES ('4818', '1261', '<p><span style="font-weight: 400;">Accepting all risks</span></p>', NULL, 'f');
INSERT INTO tmp_upskill_question_option ("id", "question_id", "option", "feedback", "is_correct") VALUES ('4819', '1262', '<p><span style="font-weight: 400;">Ignore it completely</span></p>', NULL, 'f');
INSERT INTO tmp_upskill_question_option ("id", "question_id", "option", "feedback", "is_correct") VALUES ('4820', '1262', '<p><span style="font-weight: 400;">Mitigate it partially</span></p>', NULL, 'f');
INSERT INTO tmp_upskill_question_option ("id", "question_id", "option", "feedback", "is_correct") VALUES ('4821', '1262', '<p><span style="font-weight: 400;">Monitor and manage it with care</span></p>', NULL, 't');
INSERT INTO tmp_upskill_question_option ("id", "question_id", "option", "feedback", "is_correct") VALUES ('4822', '1262', '<p><span style="font-weight: 400;">Transfer it to another party</span></p>', NULL, 'f');
INSERT INTO tmp_upskill_question_option ("id", "question_id", "option", "feedback", "is_correct") VALUES ('4823', '1263', '<p><span style="font-weight: 400;">Taking a chance on high risks</span></p>', NULL, 'f');
INSERT INTO tmp_upskill_question_option ("id", "question_id", "option", "feedback", "is_correct") VALUES ('4824', '1263', '<p><span style="font-weight: 400;">Engaging in risky activities</span></p>', NULL, 'f');
INSERT INTO tmp_upskill_question_option ("id", "question_id", "option", "feedback", "is_correct") VALUES ('4825', '1263', '<p><span style="font-weight: 400;">Not engaging in the activity causing concern</span></p>', NULL, 't');
INSERT INTO tmp_upskill_question_option ("id", "question_id", "option", "feedback", "is_correct") VALUES ('4826', '1263', '<p><span style="font-weight: 400;">Accepting all risks</span></p>', NULL, 'f');
INSERT INTO tmp_upskill_question_option ("id", "question_id", "option", "feedback", "is_correct") VALUES ('4827', '1264', '<p><span style="font-weight: 400;">Completely ignore them</span></p>
<p>&nbsp;</p>', NULL, 'f');
INSERT INTO tmp_upskill_question_option ("id", "question_id", "option", "feedback", "is_correct") VALUES ('4828', '1264', '<p><span style="font-weight: 400;">Always transfer them</span></p>
<p>&nbsp;</p>', NULL, 'f');
INSERT INTO tmp_upskill_question_option ("id", "question_id", "option", "feedback", "is_correct") VALUES ('4829', '1264', '<p><span style="font-weight: 400;">Accept, monitor, and manage them</span></p>
<p>&nbsp;</p>', NULL, 't');
INSERT INTO tmp_upskill_question_option ("id", "question_id", "option", "feedback", "is_correct") VALUES ('4830', '1264', '<p><span style="font-weight: 400;">Always mitigate them</span></p>', NULL, 'f');
INSERT INTO tmp_upskill_question_option ("id", "question_id", "option", "feedback", "is_correct") VALUES ('4831', '1265', '<p><span style="font-weight: 400;">Cryptography and network security</span></p>', NULL, 'f');
INSERT INTO tmp_upskill_question_option ("id", "question_id", "option", "feedback", "is_correct") VALUES ('4832', '1265', '<p>&nbsp;</p>
<p><span style="font-weight: 400;">Access control and equipment security</span></p>
<p>&nbsp;</p>', NULL, 'f');
INSERT INTO tmp_upskill_question_option ("id", "question_id", "option", "feedback", "is_correct") VALUES ('4833', '1265', '<p><span style="font-weight: 400;">The human aspect of information security</span></p>
<p>&nbsp;</p>', NULL, 't');
INSERT INTO tmp_upskill_question_option ("id", "question_id", "option", "feedback", "is_correct") VALUES ('4834', '1265', '<p><span style="font-weight: 400;">The overall management of the organization</span></p>', NULL, 'f');
INSERT INTO tmp_upskill_question_option ("id", "question_id", "option", "feedback", "is_correct") VALUES ('4835', '1266', '<p><span style="font-weight: 400;">Personnel security and training</span></p>
<p>&nbsp;</p>', NULL, 'f');
INSERT INTO tmp_upskill_question_option ("id", "question_id", "option", "feedback", "is_correct") VALUES ('4836', '1266', '<p><span style="font-weight: 400;">Protecting the physical perimeter of the organization</span></p>
<p>&nbsp;</p>', NULL, 't');
INSERT INTO tmp_upskill_question_option ("id", "question_id", "option", "feedback", "is_correct") VALUES ('4837', '1266', '<p><span style="font-weight: 400;">Governance of information security</span></p>
<p>&nbsp;</p>', NULL, 'f');
INSERT INTO tmp_upskill_question_option ("id", "question_id", "option", "feedback", "is_correct") VALUES ('4838', '1266', '<p><span style="font-weight: 400;">Technology used by the organization</span></p>', NULL, 'f');
INSERT INTO tmp_upskill_question_option ("id", "question_id", "option", "feedback", "is_correct") VALUES ('4839', '1267', '<p><span style="font-weight: 400;">Training and awareness</span></p>
<p>&nbsp;</p>', NULL, 'f');
INSERT INTO tmp_upskill_question_option ("id", "question_id", "option", "feedback", "is_correct") VALUES ('4840', '1267', '<p><span style="font-weight: 400;">Management and governance</span></p>
<p>&nbsp;</p>', NULL, 'f');
INSERT INTO tmp_upskill_question_option ("id", "question_id", "option", "feedback", "is_correct") VALUES ('4841', '1267', '<p><span style="font-weight: 400;">Cryptography, network security, and system acquisition</span></p>
<p>&nbsp;</p>', NULL, 't');
INSERT INTO tmp_upskill_question_option ("id", "question_id", "option", "feedback", "is_correct") VALUES ('4842', '1267', '<p><span style="font-weight: 400;">Secure disposal of media</span></p>', NULL, 'f');
INSERT INTO tmp_upskill_question_option ("id", "question_id", "option", "feedback", "is_correct") VALUES ('4843', '1268', '<p><span style="font-weight: 400;">The technology used in the organization</span></p>
<p>&nbsp;</p>', NULL, 'f');
INSERT INTO tmp_upskill_question_option ("id", "question_id", "option", "feedback", "is_correct") VALUES ('4844', '1268', '<p><span style="font-weight: 400;">The physical security measures</span></p>
<p>&nbsp;</p>', NULL, 'f');
INSERT INTO tmp_upskill_question_option ("id", "question_id", "option", "feedback", "is_correct") VALUES ('4845', '1268', '<p><span style="font-weight: 400;">The management and governance of information security</span></p>
<p>&nbsp;</p>', NULL, 't');
INSERT INTO tmp_upskill_question_option ("id", "question_id", "option", "feedback", "is_correct") VALUES ('4846', '1268', '<p><span style="font-weight: 400;">The training and awareness of employees</span></p>', NULL, 'f');
INSERT INTO tmp_upskill_question_option ("id", "question_id", "option", "feedback", "is_correct") VALUES ('4847', '1269', '<p><span style="font-weight: 400;">To ensure everyone understands their roles and responsibilities.</span></p>
<p>&nbsp;</p>', NULL, 't');
INSERT INTO tmp_upskill_question_option ("id", "question_id", "option", "feedback", "is_correct") VALUES ('4848', '1269', '<p><span style="font-weight: 400;">To prepare for external audits.</span></p>
<p>&nbsp;</p>', NULL, 'f');
INSERT INTO tmp_upskill_question_option ("id", "question_id", "option", "feedback", "is_correct") VALUES ('4849', '1269', '<p><span style="font-weight: 400;">To document the number of security breaches</span></p>
<p>&nbsp;</p>', NULL, 'f');
INSERT INTO tmp_upskill_question_option ("id", "question_id", "option", "feedback", "is_correct") VALUES ('4850', '1269', '<p><span style="font-weight: 400;">To create a detailed budget report.</span></p>', NULL, 'f');
INSERT INTO tmp_upskill_question_option ("id", "question_id", "option", "feedback", "is_correct") VALUES ('4851', '1270', '<p><span style="font-weight: 400;">Documentation, records, and support.</span></p>
<p>&nbsp;</p>', NULL, 't');
INSERT INTO tmp_upskill_question_option ("id", "question_id", "option", "feedback", "is_correct") VALUES ('4852', '1270', '<p><span style="font-weight: 400;">Coffee machines and comfortable chairs.</span></p>
<p>&nbsp;</p>', NULL, 'f');
INSERT INTO tmp_upskill_question_option ("id", "question_id", "option", "feedback", "is_correct") VALUES ('4853', '1270', '<p><span style="font-weight: 400;">A strict dress code.</span></p>
<p>&nbsp;</p>', NULL, 'f');
INSERT INTO tmp_upskill_question_option ("id", "question_id", "option", "feedback", "is_correct") VALUES ('4854', '1270', '<p><span style="font-weight: 400;">A large IT department.</span></p>', NULL, 'f');
INSERT INTO tmp_upskill_question_option ("id", "question_id", "option", "feedback", "is_correct") VALUES ('4855', '1271', '<p><span style="font-weight: 400;">A security-conscious culture</span></p>
<p>&nbsp;</p>', NULL, 't');
INSERT INTO tmp_upskill_question_option ("id", "question_id", "option", "feedback", "is_correct") VALUES ('4856', '1271', '<p><span style="font-weight: 400;">An increase in security breaches</span></p>
<p>&nbsp;</p>', NULL, 'f');
INSERT INTO tmp_upskill_question_option ("id", "question_id", "option", "feedback", "is_correct") VALUES ('4857', '1271', '<p><span style="font-weight: 400;">A reduction in the IT budget</span></p>
<p>&nbsp;</p>', NULL, 'f');
INSERT INTO tmp_upskill_question_option ("id", "question_id", "option", "feedback", "is_correct") VALUES ('4858', '1271', '<p><span style="font-weight: 400;">The need for fewer security controls</span></p>', NULL, 'f');
INSERT INTO tmp_upskill_question_option ("id", "question_id", "option", "feedback", "is_correct") VALUES ('4859', '1272', '<p><span style="font-weight: 400;">Through regular audits, reviews, and assessments</span></p>
<p>&nbsp;</p>', NULL, 't');
INSERT INTO tmp_upskill_question_option ("id", "question_id", "option", "feedback", "is_correct") VALUES ('4860', '1272', '<p><span style="font-weight: 400;">By counting the number of security incidents</span></p>
<p>&nbsp;</p>', NULL, 'f');
INSERT INTO tmp_upskill_question_option ("id", "question_id", "option", "feedback", "is_correct") VALUES ('4861', '1272', '<p><span style="font-weight: 400;">By conducting employee satisfaction surveys</span></p>
<p>&nbsp;</p>', NULL, 'f');
INSERT INTO tmp_upskill_question_option ("id", "question_id", "option", "feedback", "is_correct") VALUES ('4862', '1272', '<p><span style="font-weight: 400;">By comparing the budget spent on security measures</span></p>', NULL, 'f');
INSERT INTO tmp_upskill_question_option ("id", "question_id", "option", "feedback", "is_correct") VALUES ('4863', '1273', '<p><span style="font-weight: 400;">They are responsible for creating security policies.</span></p>
<p>&nbsp;</p>', NULL, 'f');
INSERT INTO tmp_upskill_question_option ("id", "question_id", "option", "feedback", "is_correct") VALUES ('4864', '1273', '<p><span style="font-weight: 400;">They act as the first line of defense.</span></p>
<p>&nbsp;</p>', NULL, 't');
INSERT INTO tmp_upskill_question_option ("id", "question_id", "option", "feedback", "is_correct") VALUES ('4865', '1273', '<p><span style="font-weight: 400;">They are only involved in reporting incidents.</span></p>
<p>&nbsp;</p>', NULL, 'f');
INSERT INTO tmp_upskill_question_option ("id", "question_id", "option", "feedback", "is_correct") VALUES ('4866', '1273', '<p><span style="font-weight: 400;">They provide technical support.</span></p>', NULL, 'f');
INSERT INTO tmp_upskill_question_option ("id", "question_id", "option", "feedback", "is_correct") VALUES ('4867', '1274', '<p><span style="font-weight: 400;">To ensure security measures are working as intended</span></p>
<p>&nbsp;</p>', NULL, 't');
INSERT INTO tmp_upskill_question_option ("id", "question_id", "option", "feedback", "is_correct") VALUES ('4868', '1274', '<p><span style="font-weight: 400;">To punish employees who violate security policies</span></p>
<p>&nbsp;</p>', NULL, 'f');
INSERT INTO tmp_upskill_question_option ("id", "question_id", "option", "feedback", "is_correct") VALUES ('4869', '1274', '<p><span style="font-weight: 400;">To impress stakeholders</span></p>
<p>&nbsp;</p>', NULL, 'f');
INSERT INTO tmp_upskill_question_option ("id", "question_id", "option", "feedback", "is_correct") VALUES ('4870', '1274', '<p><span style="font-weight: 400;">To comply with government regulations</span></p>', NULL, 'f');
INSERT INTO tmp_upskill_question_option ("id", "question_id", "option", "feedback", "is_correct") VALUES ('4871', '1275', '<p><span style="font-weight: 400;">To find faults in the system</span></p>', NULL, 'f');
INSERT INTO tmp_upskill_question_option ("id", "question_id", "option", "feedback", "is_correct") VALUES ('4872', '1275', '<p><span style="font-weight: 400;">To assess the effectiveness and identify improvement areas</span></p>', NULL, 't');
INSERT INTO tmp_upskill_question_option ("id", "question_id", "option", "feedback", "is_correct") VALUES ('4873', '1275', '<p><span style="font-weight: 400;">To penalize non-compliant departments</span></p>', NULL, 'f');
INSERT INTO tmp_upskill_question_option ("id", "question_id", "option", "feedback", "is_correct") VALUES ('4874', '1275', '<p><span style="font-weight: 400;">To prepare for external audits only</span></p>', NULL, 'f');
INSERT INTO tmp_upskill_question_option ("id", "question_id", "option", "feedback", "is_correct") VALUES ('4875', '1276', '<p>&nbsp;</p>
<p><span style="font-weight: 400;">The organization&rsquo;s financial records</span></p>
<p>&nbsp;</p>', NULL, 'f');
INSERT INTO tmp_upskill_question_option ("id", "question_id", "option", "feedback", "is_correct") VALUES ('4876', '1276', '<p><span style="font-weight: 400;">The personal performance of employees</span></p>
<p>&nbsp;</p>', NULL, 'f');
INSERT INTO tmp_upskill_question_option ("id", "question_id", "option", "feedback", "is_correct") VALUES ('4877', '1276', '<p><span style="font-weight: 400;">The organization&rsquo;s policies, procedures, and controls</span></p>
<p>&nbsp;</p>', NULL, 't');
INSERT INTO tmp_upskill_question_option ("id", "question_id", "option", "feedback", "is_correct") VALUES ('4878', '1276', '<p><span style="font-weight: 400;">The marketing strategies</span></p>', NULL, 'f');
INSERT INTO tmp_upskill_question_option ("id", "question_id", "option", "feedback", "is_correct") VALUES ('4879', '1277', '<p><span style="font-weight: 400;"><span style="font-weight: 400;">A complete overhaul of the ISMS</span></span></p>', NULL, 'f');
INSERT INTO tmp_upskill_question_option ("id", "question_id", "option", "feedback", "is_correct") VALUES ('4880', '1277', '<p><span style="font-weight: 400;">No further need for audits</span></p>
<p>&nbsp;</p>', NULL, 'f');
INSERT INTO tmp_upskill_question_option ("id", "question_id", "option", "feedback", "is_correct") VALUES ('4881', '1277', '<p><span style="font-weight: 400;"><span style="font-weight: 400;">Identification of areas for improvement</span></span><br /><span style="font-weight: 400;"><span style="font-weight: 400;"><br /><br /></span></span></p>
<p>&nbsp;</p>', NULL, 't');
INSERT INTO tmp_upskill_question_option ("id", "question_id", "option", "feedback", "is_correct") VALUES ('4882', '1277', '<p><span style="font-weight: 400;">A celebration party</span></p>', NULL, 'f');
INSERT INTO tmp_upskill_question_option ("id", "question_id", "option", "feedback", "is_correct") VALUES ('4883', '1278', '<p><span style="font-weight: 400;">Because threats and technology never change</span></p>
<p>&nbsp;</p>', NULL, 'f');
INSERT INTO tmp_upskill_question_option ("id", "question_id", "option", "feedback", "is_correct") VALUES ('4884', '1278', '<p><span style="font-weight: 400;">Because it is a legal requirement</span></p>
<p>&nbsp;</p>', NULL, 'f');
INSERT INTO tmp_upskill_question_option ("id", "question_id", "option", "feedback", "is_correct") VALUES ('4885', '1278', '<p><span style="font-weight: 400;">Because threats evolve and technology changes</span></p>
<p>&nbsp;</p>', NULL, 't');
INSERT INTO tmp_upskill_question_option ("id", "question_id", "option", "feedback", "is_correct") VALUES ('4886', '1278', '<p><span style="font-weight: 400;">Because it is cheaper than other approaches</span></p>', NULL, 'f');
INSERT INTO tmp_upskill_question_option ("id", "question_id", "option", "feedback", "is_correct") VALUES ('4887', '1279', '<p><span style="font-weight: 400;">A minor inconvenience</span></p>
<p>&nbsp;</p>', NULL, 'f');
INSERT INTO tmp_upskill_question_option ("id", "question_id", "option", "feedback", "is_correct") VALUES ('4888', '1279', '<p><span style="font-weight: 400;">An event compromising confidentiality, integrity, or availability of information</span></p>
<p>&nbsp;</p>', NULL, 't');
INSERT INTO tmp_upskill_question_option ("id", "question_id", "option", "feedback", "is_correct") VALUES ('4889', '1279', '<p><span style="font-weight: 400;">A scheduled maintenance task</span></p>
<p>&nbsp;</p>', NULL, 'f');
INSERT INTO tmp_upskill_question_option ("id", "question_id", "option", "feedback", "is_correct") VALUES ('4890', '1279', '<p><span style="font-weight: 400;">A financial loss</span></p>', NULL, 'f');
INSERT INTO tmp_upskill_question_option ("id", "question_id", "option", "feedback", "is_correct") VALUES ('4891', '1280', '<p><span style="font-weight: 400;">Waiting for external help</span></p>', NULL, 'f');
INSERT INTO tmp_upskill_question_option ("id", "question_id", "option", "feedback", "is_correct") VALUES ('4892', '1280', '<p><span style="font-weight: 400;">Immediate action to minimize impact</span></p>', NULL, 't');
INSERT INTO tmp_upskill_question_option ("id", "question_id", "option", "feedback", "is_correct") VALUES ('4893', '1280', '<p><span style="font-weight: 400;">&nbsp;Ignoring the issue</span></p>', NULL, 'f');
INSERT INTO tmp_upskill_question_option ("id", "question_id", "option", "feedback", "is_correct") VALUES ('4894', '1280', '<p><span style="font-weight: 400;">&nbsp;Focusing on public relations</span></p>', NULL, 'f');
INSERT INTO tmp_upskill_question_option ("id", "question_id", "option", "feedback", "is_correct") VALUES ('4895', '1281', '<p><span style="font-weight: 400;">Regularly updating software</span></p>', NULL, 'f');
INSERT INTO tmp_upskill_question_option ("id", "question_id", "option", "feedback", "is_correct") VALUES ('4896', '1281', '<p><span style="font-weight: 400;">Using strong, unique passwords</span></p>', NULL, 'f');
INSERT INTO tmp_upskill_question_option ("id", "question_id", "option", "feedback", "is_correct") VALUES ('4897', '1281', '<p><span style="font-weight: 400;">Keeping yourself updated with security threats</span></p>', NULL, 't');
INSERT INTO tmp_upskill_question_option ("id", "question_id", "option", "feedback", "is_correct") VALUES ('4898', '1281', '<p><span style="font-weight: 400;">Encrypting sensitive data</span></p>', NULL, 'f');
INSERT INTO tmp_upskill_question_option ("id", "question_id", "option", "feedback", "is_correct") VALUES ('4899', '1282', '<p><span style="font-weight: 400;">Ignore it</span></p>
<p>&nbsp;</p>', NULL, 'f');
INSERT INTO tmp_upskill_question_option ("id", "question_id", "option", "feedback", "is_correct") VALUES ('4900', '1282', '<p><span style="font-weight: 400;">Report it immediately</span></p>
<p>&nbsp;</p>', NULL, 't');
INSERT INTO tmp_upskill_question_option ("id", "question_id", "option", "feedback", "is_correct") VALUES ('4901', '1282', '<p><span style="font-weight: 400;">Investigate it yourself</span></p>
<p>&nbsp;</p>', NULL, 'f');
INSERT INTO tmp_upskill_question_option ("id", "question_id", "option", "feedback", "is_correct") VALUES ('4902', '1282', '<p><span style="font-weight: 400;">Wait for someone else to report it</span></p>', NULL, 'f');
INSERT INTO tmp_upskill_question_option ("id", "question_id", "option", "feedback", "is_correct") VALUES ('4903', '1283', '<p><span style="font-weight: 400;">Public Wi-Fi</span></p>
<p>&nbsp;</p>', NULL, 't');
INSERT INTO tmp_upskill_question_option ("id", "question_id", "option", "feedback", "is_correct") VALUES ('4904', '1283', '<p><span style="font-weight: 400;">VPN</span></p>
<p>&nbsp;</p>', NULL, 'f');
INSERT INTO tmp_upskill_question_option ("id", "question_id", "option", "feedback", "is_correct") VALUES ('4905', '1283', '<p><span style="font-weight: 400;">Encrypted data</span></p>
<p>&nbsp;</p>', NULL, 'f');
INSERT INTO tmp_upskill_question_option ("id", "question_id", "option", "feedback", "is_correct") VALUES ('4906', '1283', '<p><span style="font-weight: 400;">Personal devices</span></p>', NULL, 'f');
INSERT INTO tmp_upskill_question_option ("id", "question_id", "option", "feedback", "is_correct") VALUES ('4907', '1284', '<p><span style="font-weight: 400;">Once a year</span></p>', NULL, 'f');
INSERT INTO tmp_upskill_question_option ("id", "question_id", "option", "feedback", "is_correct") VALUES ('4908', '1284', '<p><span style="font-weight: 400;">Only when you forget them</span></p>
<p>&nbsp;</p>', NULL, 'f');
INSERT INTO tmp_upskill_question_option ("id", "question_id", "option", "feedback", "is_correct") VALUES ('4909', '1284', '<p><span style="font-weight: 400;">Regularly</span></p>
<p>&nbsp;</p>', NULL, 't');
INSERT INTO tmp_upskill_question_option ("id", "question_id", "option", "feedback", "is_correct") VALUES ('4910', '1284', '<p><span style="font-weight: 400;">Never</span></p>', NULL, 'f');
INSERT INTO tmp_upskill_question_option ("id", "question_id", "option", "feedback", "is_correct") VALUES ('4911', '1285', '<p><span style="font-weight: 400;">Regularly updating software</span></p>
<p>&nbsp;</p>', NULL, 'f');
INSERT INTO tmp_upskill_question_option ("id", "question_id", "option", "feedback", "is_correct") VALUES ('4912', '1285', '<p><span style="font-weight: 400;">Using strong, unique passwords</span></p>
<p>&nbsp;</p>', NULL, 'f');
INSERT INTO tmp_upskill_question_option ("id", "question_id", "option", "feedback", "is_correct") VALUES ('4913', '1285', '<p><span style="font-weight: 400;">Encrypting the data</span></p>
<p>&nbsp;</p>', NULL, 't');
INSERT INTO tmp_upskill_question_option ("id", "question_id", "option", "feedback", "is_correct") VALUES ('4914', '1285', '<p><span style="font-weight: 400;">Backing up data</span></p>', NULL, 'f');
INSERT INTO tmp_upskill_question_option ("id", "question_id", "option", "feedback", "is_correct") VALUES ('4915', '1286', '<p><span style="font-weight: 400;">Share it with colleagues</span></p>
<p>&nbsp;</p>', NULL, 'f');
INSERT INTO tmp_upskill_question_option ("id", "question_id", "option", "feedback", "is_correct") VALUES ('4916', '1286', '<p><span style="font-weight: 400;">Dispose of it securely and appropriately</span></p>
<p>&nbsp;</p>', NULL, 't');
INSERT INTO tmp_upskill_question_option ("id", "question_id", "option", "feedback", "is_correct") VALUES ('4917', '1286', '<p><span style="font-weight: 400;">Store it indefinitely</span></p>
<p>&nbsp;</p>', NULL, 'f');
INSERT INTO tmp_upskill_question_option ("id", "question_id", "option", "feedback", "is_correct") VALUES ('4918', '1286', '<p><span style="font-weight: 400;">Encrypt it</span></p>', NULL, 'f');
INSERT INTO tmp_upskill_question_option ("id", "question_id", "option", "feedback", "is_correct") VALUES ('4922', '1288', '<p><span style="font-weight: 400;">Information Security Management System</span></p>
<p>&nbsp;</p>', NULL, 't');
INSERT INTO tmp_upskill_question_option ("id", "question_id", "option", "feedback", "is_correct") VALUES ('4923', '1288', '<p><span style="font-weight: 400;">Internal Security Monitoring System&nbsp;</span></p>
<p>&nbsp;</p>', NULL, 'f');
INSERT INTO tmp_upskill_question_option ("id", "question_id", "option", "feedback", "is_correct") VALUES ('4924', '1288', '<p><span style="font-weight: 400;">Integrated Services Management System&nbsp;</span></p>
<p>&nbsp;</p>', NULL, 'f');
INSERT INTO tmp_upskill_question_option ("id", "question_id", "option", "feedback", "is_correct") VALUES ('4925', '1288', '<p><span style="font-weight: 400;">International Security Maintenance Standard</span></p>', NULL, 'f');
INSERT INTO tmp_upskill_question_option ("id", "question_id", "option", "feedback", "is_correct") VALUES ('4926', '1289', '<p><span style="font-weight: 400;">Avoiding commnication with stakeholder</span></p>
<p>&nbsp;</p>', NULL, 'f');
INSERT INTO tmp_upskill_question_option ("id", "question_id", "option", "feedback", "is_correct") VALUES ('4927', '1289', '<p><span style="font-weight: 400;">Having a single point of contact and clear roles</span></p>
<p>&nbsp;</p>', NULL, 't');
INSERT INTO tmp_upskill_question_option ("id", "question_id", "option", "feedback", "is_correct") VALUES ('4928', '1289', '<p><span style="font-weight: 400;">Isolating the IT department</span></p>
<p>&nbsp;</p>', NULL, 'f');
INSERT INTO tmp_upskill_question_option ("id", "question_id", "option", "feedback", "is_correct") VALUES ('4929', '1289', '<p><span style="font-weight: 400;">Implementing changes without testing</span></p>', NULL, 'f');


-- Insert statements for tmp_upskill_section_instructor


-- Insert statements for tmp_upskill_test
INSERT INTO tmp_upskill_test ("id", "name", "description", "question_count", "attempt_count", "is_timed", "duration", "has_pass_criteria", "pass_question_count", "type", "created_by", "updated_by", "created_at", "updated_at", "status") VALUES ('177', 'Test: Introduction to ISO/IEC 27001', NULL, '4', '5', 'f', NULL, 't', '3', 'graded', 1, 1, '2024-06-28 09:52:10', '2024-07-15 16:04:30', 'active');
INSERT INTO tmp_upskill_test ("id", "name", "description", "question_count", "attempt_count", "is_timed", "duration", "has_pass_criteria", "pass_question_count", "type", "created_by", "updated_by", "created_at", "updated_at", "status") VALUES ('178', 'Test: Scope and Context', NULL, '9', '5', 'f', NULL, 't', '8', 'graded', 1, 1, '2024-06-28 14:15:46', '2024-07-15 16:05:13', 'active');
INSERT INTO tmp_upskill_test ("id", "name", "description", "question_count", "attempt_count", "is_timed", "duration", "has_pass_criteria", "pass_question_count", "type", "created_by", "updated_by", "created_at", "updated_at", "status") VALUES ('180', 'Test: Risk Assessment and Treatment', NULL, '6', '5', 'f', NULL, 't', '5', 'graded', 1, 1, '2024-06-28 14:58:29', '2024-07-15 16:05:31', 'active');
INSERT INTO tmp_upskill_test ("id", "name", "description", "question_count", "attempt_count", "is_timed", "duration", "has_pass_criteria", "pass_question_count", "type", "created_by", "updated_by", "created_at", "updated_at", "status") VALUES ('181', 'Test: Information Security Controls', NULL, '4', '5', 'f', NULL, 't', '3', 'graded', 1, 1, '2024-06-28 15:02:34', '2024-07-15 16:05:44', 'active');
INSERT INTO tmp_upskill_test ("id", "name", "description", "question_count", "attempt_count", "is_timed", "duration", "has_pass_criteria", "pass_question_count", "type", "created_by", "updated_by", "created_at", "updated_at", "status") VALUES ('182', 'Test: Documentation, Records, and Support', NULL, '3', '5', 'f', NULL, 't', '2', 'graded', 1, 1, '2024-06-28 15:03:33', '2024-07-15 16:05:59', 'active');
INSERT INTO tmp_upskill_test ("id", "name", "description", "question_count", "attempt_count", "is_timed", "duration", "has_pass_criteria", "pass_question_count", "type", "created_by", "updated_by", "created_at", "updated_at", "status") VALUES ('183', 'Test: Implementation and Operation', NULL, '3', '5', 'f', NULL, 't', '2', 'graded', 1, 1, '2024-06-28 15:04:18', '2024-07-15 16:06:10', 'active');
INSERT INTO tmp_upskill_test ("id", "name", "description", "question_count", "attempt_count", "is_timed", "duration", "has_pass_criteria", "pass_question_count", "type", "created_by", "updated_by", "created_at", "updated_at", "status") VALUES ('184', 'Test: Performance Evaluation', NULL, '3', '5', 'f', NULL, 't', '2', 'graded', 1, 1, '2024-06-28 15:05:07', '2024-07-15 16:06:22', 'active');
INSERT INTO tmp_upskill_test ("id", "name", "description", "question_count", "attempt_count", "is_timed", "duration", "has_pass_criteria", "pass_question_count", "type", "created_by", "updated_by", "created_at", "updated_at", "status") VALUES ('185', 'Test: Improvement and Compliance', NULL, '4', '5', 'f', NULL, 't', '3', 'graded', 1, 1, '2024-06-28 15:05:45', '2024-07-15 16:07:09', 'active');
INSERT INTO tmp_upskill_test ("id", "name", "description", "question_count", "attempt_count", "is_timed", "duration", "has_pass_criteria", "pass_question_count", "type", "created_by", "updated_by", "created_at", "updated_at", "status") VALUES ('186', 'Test: Case Studies and Best Practices', NULL, '6', '5', 'f', NULL, 't', '5', 'graded', 1, 1, '2024-06-28 15:07:38', '2024-07-15 16:07:56', 'active');


-- Insert statements for tmp_upskill_course_restricted_group
INSERT INTO tmp_upskill_course_restricted_group ("id", "course_id", "group_id", "created_by", "updated_by", "created_at", "updated_at", "is_direct_selected") VALUES ('1', '440', '1', 1, 1, NOW(), NOW(), 't'), ('2', '461', '1', 1, 1, NOW(), NOW(), 't');
-- Insert statements for tmp_upskill_tag
INSERT INTO tmp_upskill_tag ("id", "tag", "description", "is_featured", "status", "created_by", "updated_by", "created_at", "updated_at") VALUES ('26', 'Security', NULL, 'f', 'active', 1, 1, '2021-04-07 16:19:22', '2023-05-17 16:32:12');
INSERT INTO tmp_upskill_tag ("id", "tag", "description", "is_featured", "status", "created_by", "updated_by", "created_at", "updated_at") VALUES ('32', 'Sexual Harassment', NULL, 'f', 'active', 1, 1, '2021-04-27 13:05:11', '2023-05-17 16:32:12');
INSERT INTO tmp_upskill_tag ("id", "tag", "description", "is_featured", "status", "created_by", "updated_by", "created_at", "updated_at") VALUES ('35', 'IT Security', NULL, 'f', 'active', 1, 1, '2021-05-03 15:43:33', '2023-06-19 10:08:52');
INSERT INTO tmp_upskill_tag ("id", "tag", "description", "is_featured", "status", "created_by", "updated_by", "created_at", "updated_at") VALUES ('36', 'Security Awareness', NULL, 'f', 'active', 1, 1, '2021-05-03 15:43:33', '2023-06-19 10:08:12');
INSERT INTO tmp_upskill_tag ("id", "tag", "description", "is_featured", "status", "created_by", "updated_by", "created_at", "updated_at") VALUES ('44', 'ISO and ISMS', NULL, 'f', 'active', 1, 1, '2021-05-24 19:07:21', '2023-06-14 23:07:59');
INSERT INTO tmp_upskill_tag ("id", "tag", "description", "is_featured", "status", "created_by", "updated_by", "created_at", "updated_at") VALUES ('68', 'Security Testing', NULL, 'f', 'active', 1, 1, '2021-07-07 22:20:47', '2023-05-17 16:32:12');
INSERT INTO tmp_upskill_tag ("id", "tag", "description", "is_featured", "status", "created_by", "updated_by", "created_at", "updated_at") VALUES ('80', 'Office Security', NULL, 'f', 'active', 1, 1, '2021-07-09 17:45:55', '2023-05-17 16:32:12');
INSERT INTO tmp_upskill_tag ("id", "tag", "description", "is_featured", "status", "created_by", "updated_by", "created_at", "updated_at") VALUES ('82', 'Secure Development Practices', NULL, 't', 'active', 1, 1, '2021-07-12 12:31:24', '2023-06-14 23:10:55');
INSERT INTO tmp_upskill_tag ("id", "tag", "description", "is_featured", "status", "created_by", "updated_by", "created_at", "updated_at") VALUES ('143', 'Information Security', NULL, 'f', 'active', 1, 1, '2021-12-08 16:05:22', '2023-06-16 17:04:09');
INSERT INTO tmp_upskill_tag ("id", "tag", "description", "is_featured", "status", "created_by", "updated_by", "created_at", "updated_at") VALUES ('658', 'M11', NULL, 'f', 'active', 1, 1, '2024-06-28 13:35:16', '2024-06-28 13:35:16');
INSERT INTO tmp_upskill_tag ("id", "tag", "description", "is_featured", "status", "created_by", "updated_by", "created_at", "updated_at") VALUES ('659', 'M9', NULL, 'f', 'active', 1, 1, '2024-06-28 13:37:53', '2024-06-28 13:37:53');
INSERT INTO tmp_upskill_tag ("id", "tag", "description", "is_featured", "status", "created_by", "updated_by", "created_at", "updated_at") VALUES ('660', 'M8', NULL, 'f', 'active', 1, 1, '2024-06-28 13:41:04', '2024-06-28 13:41:04');
INSERT INTO tmp_upskill_tag ("id", "tag", "description", "is_featured", "status", "created_by", "updated_by", "created_at", "updated_at") VALUES ('661', 'M7', NULL, 'f', 'active', 1, 1, '2024-06-28 13:42:39', '2024-06-28 13:42:39');
INSERT INTO tmp_upskill_tag ("id", "tag", "description", "is_featured", "status", "created_by", "updated_by", "created_at", "updated_at") VALUES ('662', 'M6', NULL, 'f', 'active', 1, 1, '2024-06-28 13:44:18', '2024-06-28 13:44:18');
INSERT INTO tmp_upskill_tag ("id", "tag", "description", "is_featured", "status", "created_by", "updated_by", "created_at", "updated_at") VALUES ('663', 'M5', NULL, 'f', 'active', 1, 1, '2024-06-28 13:59:24', '2024-06-28 13:59:24');
INSERT INTO tmp_upskill_tag ("id", "tag", "description", "is_featured", "status", "created_by", "updated_by", "created_at", "updated_at") VALUES ('664', 'M4', NULL, 'f', 'active', 1, 1, '2024-06-28 14:01:47', '2024-06-28 14:01:47');
INSERT INTO tmp_upskill_tag ("id", "tag", "description", "is_featured", "status", "created_by", "updated_by", "created_at", "updated_at") VALUES ('665', 'M2', NULL, 'f', 'active', 1, 1, '2024-06-28 14:05:23', '2024-06-28 14:05:23');
INSERT INTO tmp_upskill_tag ("id", "tag", "description", "is_featured", "status", "created_by", "updated_by", "created_at", "updated_at") VALUES ('666', 'M1', NULL, 'f', 'active', 1, 1, '2024-06-28 14:11:22', '2024-06-28 14:11:22');


-- Insert statements for tmp_upskill_related_tag
INSERT INTO tmp_upskill_related_tag ("tag_id", "related_tag_id", "created_by", "created_at", "id") VALUES ('44', '82', 1, '2023-06-14 23:07:59', '8');
INSERT INTO tmp_upskill_related_tag ("tag_id", "related_tag_id", "created_by", "created_at", "id") VALUES ('44', '35', 1, '2023-06-14 23:07:59', '9');
INSERT INTO tmp_upskill_related_tag ("tag_id", "related_tag_id", "created_by", "created_at", "id") VALUES ('44', '26', 1, '2023-06-14 23:07:59', '10');
INSERT INTO tmp_upskill_related_tag ("tag_id", "related_tag_id", "created_by", "created_at", "id") VALUES ('44', '68', 1, '2023-06-14 23:07:59', '11');
INSERT INTO tmp_upskill_related_tag ("tag_id", "related_tag_id", "created_by", "created_at", "id") VALUES ('44', '36', 1, '2023-06-14 23:07:59', '12');
INSERT INTO tmp_upskill_related_tag ("tag_id", "related_tag_id", "created_by", "created_at", "id") VALUES ('44', '80', 1, '2023-06-14 23:07:59', '13');
INSERT INTO tmp_upskill_related_tag ("tag_id", "related_tag_id", "created_by", "created_at", "id") VALUES ('82', '44', 1, '2023-06-14 23:10:56', '19');
INSERT INTO tmp_upskill_related_tag ("tag_id", "related_tag_id", "created_by", "created_at", "id") VALUES ('82', '143', 1, '2023-06-14 23:10:56', '20');


-- Insert statements for tmp_upskill_taggables
INSERT INTO tmp_upskill_taggables ("tag_id", "taggable_id", "taggable_type") VALUES ('666', '177', 'App\Models\Tests\Test');
INSERT INTO tmp_upskill_taggables ("tag_id", "taggable_id", "taggable_type") VALUES ('665', '178', 'App\Models\Tests\Test');
INSERT INTO tmp_upskill_taggables ("tag_id", "taggable_id", "taggable_type") VALUES ('664', '180', 'App\Models\Tests\Test');
INSERT INTO tmp_upskill_taggables ("tag_id", "taggable_id", "taggable_type") VALUES ('663', '181', 'App\Models\Tests\Test');
INSERT INTO tmp_upskill_taggables ("tag_id", "taggable_id", "taggable_type") VALUES ('662', '182', 'App\Models\Tests\Test');
INSERT INTO tmp_upskill_taggables ("tag_id", "taggable_id", "taggable_type") VALUES ('659', '185', 'App\Models\Tests\Test');
INSERT INTO tmp_upskill_taggables ("tag_id", "taggable_id", "taggable_type") VALUES ('660', '184', 'App\Models\Tests\Test');
INSERT INTO tmp_upskill_taggables ("tag_id", "taggable_id", "taggable_type") VALUES ('661', '183', 'App\Models\Tests\Test');
INSERT INTO tmp_upskill_taggables ("tag_id", "taggable_id", "taggable_type") VALUES ('658', '186', 'App\Models\Tests\Test');
INSERT INTO tmp_upskill_taggables ("tag_id", "taggable_id", "taggable_type") VALUES ('658', '1286', 'App\Models\QuestionBank\Question');
INSERT INTO tmp_upskill_taggables ("tag_id", "taggable_id", "taggable_type") VALUES ('658', '1285', 'App\Models\QuestionBank\Question');
INSERT INTO tmp_upskill_taggables ("tag_id", "taggable_id", "taggable_type") VALUES ('658', '1284', 'App\Models\QuestionBank\Question');
INSERT INTO tmp_upskill_taggables ("tag_id", "taggable_id", "taggable_type") VALUES ('658', '1283', 'App\Models\QuestionBank\Question');
INSERT INTO tmp_upskill_taggables ("tag_id", "taggable_id", "taggable_type") VALUES ('658', '1282', 'App\Models\QuestionBank\Question');
INSERT INTO tmp_upskill_taggables ("tag_id", "taggable_id", "taggable_type") VALUES ('658', '1281', 'App\Models\QuestionBank\Question');
INSERT INTO tmp_upskill_taggables ("tag_id", "taggable_id", "taggable_type") VALUES ('659', '1289', 'App\Models\QuestionBank\Question');
INSERT INTO tmp_upskill_taggables ("tag_id", "taggable_id", "taggable_type") VALUES ('659', '1280', 'App\Models\QuestionBank\Question');
INSERT INTO tmp_upskill_taggables ("tag_id", "taggable_id", "taggable_type") VALUES ('659', '1278', 'App\Models\QuestionBank\Question');
INSERT INTO tmp_upskill_taggables ("tag_id", "taggable_id", "taggable_type") VALUES ('660', '1277', 'App\Models\QuestionBank\Question');
INSERT INTO tmp_upskill_taggables ("tag_id", "taggable_id", "taggable_type") VALUES ('660', '1276', 'App\Models\QuestionBank\Question');
INSERT INTO tmp_upskill_taggables ("tag_id", "taggable_id", "taggable_type") VALUES ('660', '1275', 'App\Models\QuestionBank\Question');
INSERT INTO tmp_upskill_taggables ("tag_id", "taggable_id", "taggable_type") VALUES ('661', '1274', 'App\Models\QuestionBank\Question');
INSERT INTO tmp_upskill_taggables ("tag_id", "taggable_id", "taggable_type") VALUES ('661', '1273', 'App\Models\QuestionBank\Question');
INSERT INTO tmp_upskill_taggables ("tag_id", "taggable_id", "taggable_type") VALUES ('661', '1272', 'App\Models\QuestionBank\Question');
INSERT INTO tmp_upskill_taggables ("tag_id", "taggable_id", "taggable_type") VALUES ('662', '1271', 'App\Models\QuestionBank\Question');
INSERT INTO tmp_upskill_taggables ("tag_id", "taggable_id", "taggable_type") VALUES ('662', '1270', 'App\Models\QuestionBank\Question');
INSERT INTO tmp_upskill_taggables ("tag_id", "taggable_id", "taggable_type") VALUES ('662', '1269', 'App\Models\QuestionBank\Question');
INSERT INTO tmp_upskill_taggables ("tag_id", "taggable_id", "taggable_type") VALUES ('663', '1265', 'App\Models\QuestionBank\Question');
INSERT INTO tmp_upskill_taggables ("tag_id", "taggable_id", "taggable_type") VALUES ('663', '1268', 'App\Models\QuestionBank\Question');
INSERT INTO tmp_upskill_taggables ("tag_id", "taggable_id", "taggable_type") VALUES ('663', '1267', 'App\Models\QuestionBank\Question');
INSERT INTO tmp_upskill_taggables ("tag_id", "taggable_id", "taggable_type") VALUES ('663', '1266', 'App\Models\QuestionBank\Question');
INSERT INTO tmp_upskill_taggables ("tag_id", "taggable_id", "taggable_type") VALUES ('664', '1264', 'App\Models\QuestionBank\Question');
INSERT INTO tmp_upskill_taggables ("tag_id", "taggable_id", "taggable_type") VALUES ('664', '1263', 'App\Models\QuestionBank\Question');
INSERT INTO tmp_upskill_taggables ("tag_id", "taggable_id", "taggable_type") VALUES ('664', '1262', 'App\Models\QuestionBank\Question');
INSERT INTO tmp_upskill_taggables ("tag_id", "taggable_id", "taggable_type") VALUES ('664', '1261', 'App\Models\QuestionBank\Question');
INSERT INTO tmp_upskill_taggables ("tag_id", "taggable_id", "taggable_type") VALUES ('664', '1260', 'App\Models\QuestionBank\Question');
INSERT INTO tmp_upskill_taggables ("tag_id", "taggable_id", "taggable_type") VALUES ('664', '1259', 'App\Models\QuestionBank\Question');
INSERT INTO tmp_upskill_taggables ("tag_id", "taggable_id", "taggable_type") VALUES ('665', '1258', 'App\Models\QuestionBank\Question');
INSERT INTO tmp_upskill_taggables ("tag_id", "taggable_id", "taggable_type") VALUES ('665', '1257', 'App\Models\QuestionBank\Question');
INSERT INTO tmp_upskill_taggables ("tag_id", "taggable_id", "taggable_type") VALUES ('665', '1256', 'App\Models\QuestionBank\Question');
INSERT INTO tmp_upskill_taggables ("tag_id", "taggable_id", "taggable_type") VALUES ('665', '1255', 'App\Models\QuestionBank\Question');
INSERT INTO tmp_upskill_taggables ("tag_id", "taggable_id", "taggable_type") VALUES ('665', '1254', 'App\Models\QuestionBank\Question');
INSERT INTO tmp_upskill_taggables ("tag_id", "taggable_id", "taggable_type") VALUES ('665', '1288', 'App\Models\QuestionBank\Question');
INSERT INTO tmp_upskill_taggables ("tag_id", "taggable_id", "taggable_type") VALUES ('665', '1253', 'App\Models\QuestionBank\Question');
INSERT INTO tmp_upskill_taggables ("tag_id", "taggable_id", "taggable_type") VALUES ('665', '1252', 'App\Models\QuestionBank\Question');
INSERT INTO tmp_upskill_taggables ("tag_id", "taggable_id", "taggable_type") VALUES ('665', '1251', 'App\Models\QuestionBank\Question');
INSERT INTO tmp_upskill_taggables ("tag_id", "taggable_id", "taggable_type") VALUES ('666', '1250', 'App\Models\QuestionBank\Question');
INSERT INTO tmp_upskill_taggables ("tag_id", "taggable_id", "taggable_type") VALUES ('666', '1249', 'App\Models\QuestionBank\Question');
INSERT INTO tmp_upskill_taggables ("tag_id", "taggable_id", "taggable_type") VALUES ('666', '1248', 'App\Models\QuestionBank\Question');
INSERT INTO tmp_upskill_taggables ("tag_id", "taggable_id", "taggable_type") VALUES ('666', '1247', 'App\Models\QuestionBank\Question');
INSERT INTO tmp_upskill_taggables ("tag_id", "taggable_id", "taggable_type") VALUES ('659', '1279', 'App\Models\QuestionBank\Question');
INSERT INTO tmp_upskill_taggables ("tag_id", "taggable_id", "taggable_type") VALUES ('44', '440', 'App\Models\Courses\Course');
INSERT INTO tmp_upskill_taggables ("tag_id", "taggable_id", "taggable_type") VALUES ('32', '461', 'App\Models\Courses\Course');

